204.12.252.98 - - [18/Aug/2025:14:44:14 -0400] "GET /wp-includes/wp-configs.php HTTP/1.1" 200 0 "https://verdantagroalliedservices.com/wp-includes/wp-configs.php" "Mozilla/5.0 (Windows NT 10.0; Win64; x64) AppleWebKit/537.36 (KHTML, like Gecko) Chrome/58.0.3029.110 Safari/537.3"
69.57.162.30 - - [18/Aug/2025:14:44:16 -0400] "POST /wp-cron.php?doing_wp_cron=1755542656.6079580783843994140625 HTTP/1.1" 403 1242 "-" "WordPress/6.8.2; https://verdantagroalliedservices.com"
204.12.252.98 - - [18/Aug/2025:14:44:16 -0400] "GET /wp-includes/wp-configs.php HTTP/1.1" 404 10380 "https://verdantagroalliedservices.com/wp-includes/wp-configs.php" "Mozilla/5.0 (Windows NT 10.0; Win64; x64) AppleWebKit/537.36 (KHTML, like Gecko) Chrome/58.0.3029.110 Safari/537.3"
89.248.172.183 - - [18/Aug/2025:14:57:50 -0400] "POST /wp-json/litespeed/v1/cdn_status HTTP/1.1" 403 1242 "-" "Mozilla/5.0 (X11; Linux x86_64; rv:109.0) Gecko/20100101 Firefox/114.3"
143.137.38.12 - - [18/Aug/2025:15:06:27 -0400] "GET /wp-includes/default-filters.php HTTP/1.1" 403 1242 "https://verdantagroalliedservices.com/wp-includes/default-filters.php" "Mozilla/5.0 (Windows NT 10.0; Win64; x64) AppleWebKit/537.36 (KHTML, like Gecko) Chrome/135.0.0.0 Safari/537.36"
45.131.155.103 - - [18/Aug/2025:15:19:33 -0400] "GET / HTTP/1.1" 200 0 "-" "Mozilla/5.0 (Macintosh; Intel Mac OS X 10_15_7) AppleWebKit/605.1.15 (KHTML, like Gecko) Version/16.3 Safari/605.1.15"
69.57.162.30 - - [18/Aug/2025:15:19:40 -0400] "POST /wp-cron.php?doing_wp_cron=1755544780.2471060752868652343750 HTTP/1.1" 403 1242 "-" "WordPress/6.8.2; https://verdantagroalliedservices.com"
45.186.44.253 - - [18/Aug/2025:15:37:21 -0400] "GET /wp-includes/SimplePie/autoloader.php HTTP/1.1" 403 1242 "https://verdantagroalliedservices.com/wp-includes/SimplePie/autoloader.php" "Mozilla/5.0 (Windows NT 10.0; Win64; x64) AppleWebKit/537.36 (KHTML, like Gecko) Chrome/135.0.0.0 Safari/537.36"
69.57.162.30 - - [18/Aug/2025:15:41:57 -0400] "POST /wp-cron.php?doing_wp_cron=1755546117.6918818950653076171875 HTTP/1.1" 403 1242 "-" "WordPress/6.8.2; https://verdantagroalliedservices.com"
91.201.115.242 - - [18/Aug/2025:15:41:54 -0400] "GET / HTTP/1.1" 200 22334 "-" "Mozilla/5.0 (Macintosh; Intel Mac OS X 10_15_7) AppleWebKit/537.36 (KHTML, like Gecko) Chrome/133.0.0.0 Safari/537.36"
91.201.115.242 - - [18/Aug/2025:15:41:59 -0400] "GET /comments/feed/ HTTP/1.1" 200 494 "-" "Mozilla/5.0 (Macintosh; Intel Mac OS X 10_15_7) AppleWebKit/537.36 (KHTML, like Gecko) Chrome/133.0.0.0 Safari/537.36"
91.201.115.242 - - [18/Aug/2025:15:42:03 -0400] "GET /contact-us/ HTTP/1.1" 200 17203 "-" "Mozilla/5.0 (Macintosh; Intel Mac OS X 10_15_7) AppleWebKit/537.36 (KHTML, like Gecko) Chrome/133.0.0.0 Safari/537.36"
1.161.192.187 - - [18/Aug/2025:15:42:07 -0400] "POST /contact-us/ HTTP/1.1" 200 17409 "-" "Mozilla/5.0 (Macintosh; Intel Mac OS X 10_15_7) AppleWebKit/537.36 (KHTML, like Gecko) Chrome/133.0.0.0 Safari/537.36"
1.161.192.187 - - [18/Aug/2025:15:42:10 -0400] "POST /contact-us/ HTTP/1.1" 200 17153 "-" "Mozilla/5.0 (Windows NT 10.0; Win64; x64) AppleWebKit/537.36 (KHTML, like Gecko) Chrome/120.0.0.0 Safari/537.36"
91.201.115.242 - - [18/Aug/2025:15:42:12 -0400] "GET /market-access/ HTTP/1.1" 200 19087 "-" "Mozilla/5.0 (Macintosh; Intel Mac OS X 10_15_7) AppleWebKit/537.36 (KHTML, like Gecko) Chrome/133.0.0.0 Safari/537.36"
1.161.192.187 - - [18/Aug/2025:15:42:16 -0400] "POST /market-access/ HTTP/1.1" 200 19349 "-" "Mozilla/5.0 (Macintosh; Intel Mac OS X 10_15_7) AppleWebKit/537.36 (KHTML, like Gecko) Chrome/133.0.0.0 Safari/537.36"
1.161.192.187 - - [18/Aug/2025:15:42:20 -0400] "POST /market-access/ HTTP/1.1" 200 19034 "-" "Mozilla/5.0 (Windows NT 10.0; Win64; x64) AppleWebKit/537.36 (KHTML, like Gecko) Chrome/120.0.0.0 Safari/537.36"
91.201.115.242 - - [18/Aug/2025:15:42:21 -0400] "GET /register/ HTTP/1.1" 200 17925 "-" "Mozilla/5.0 (Macintosh; Intel Mac OS X 10_15_7) AppleWebKit/537.36 (KHTML, like Gecko) Chrome/133.0.0.0 Safari/537.36"
91.201.115.242 - - [18/Aug/2025:15:42:23 -0400] "GET /login/ HTTP/1.1" 200 14498 "-" "Mozilla/5.0 (Macintosh; Intel Mac OS X 10_15_7) AppleWebKit/537.36 (KHTML, like Gecko) Chrome/133.0.0.0 Safari/537.36"
89.248.172.183 - - [18/Aug/2025:15:43:25 -0400] "POST /wp-json/litespeed/v1/cdn_status HTTP/1.1" 403 1242 "-" "Mozilla/5.0 (X11; Linux x86_64; rv:109.0) Gecko/20100101 Firefox/114.3"
208.110.64.178 - - [18/Aug/2025:15:44:07 -0400] "GET /wp-includes/wp-configs.php HTTP/1.1" 200 0 "https://verdantagroalliedservices.com/wp-includes/wp-configs.php" "Mozilla/5.0 (Windows NT 10.0; Win64; x64) AppleWebKit/537.36 (KHTML, like Gecko) Chrome/58.0.3029.110 Safari/537.3"
69.57.162.30 - - [18/Aug/2025:15:44:09 -0400] "POST /wp-cron.php?doing_wp_cron=1755546249.7468950748443603515625 HTTP/1.1" 403 1242 "-" "WordPress/6.8.2; https://verdantagroalliedservices.com"
69.57.162.30 - - [18/Aug/2025:15:44:09 -0400] "POST /wp-cron.php?doing_wp_cron=1755546249.8712770938873291015625 HTTP/1.1" 403 1242 "-" "WordPress/6.8.2; https://verdantagroalliedservices.com"
208.110.64.178 - - [18/Aug/2025:15:44:09 -0400] "GET /wp-includes/wp-configs.php HTTP/1.1" 404 10380 "https://verdantagroalliedservices.com/wp-includes/wp-configs.php" "Mozilla/5.0 (Windows NT 10.0; Win64; x64) AppleWebKit/537.36 (KHTML, like Gecko) Chrome/58.0.3029.110 Safari/537.3"
177.92.142.108 - - [18/Aug/2025:15:47:25 -0400] "GET /wp-includes/PHPMailer/Exception.php HTTP/1.1" 403 1242 "https://verdantagroalliedservices.com/wp-includes/PHPMailer/Exception.php" "Mozilla/5.0 (Windows NT 10.0; Win64; x64) AppleWebKit/537.36 (KHTML, like Gecko) Chrome/135.0.0.0 Safari/537.36"
208.110.64.178 - - [18/Aug/2025:15:49:50 -0400] "GET /wp-includes/wp-configs.php HTTP/1.1" 200 0 "https://verdantagroalliedservices.com/wp-includes/wp-configs.php" "Mozilla/5.0 (Windows NT 10.0; Win64; x64) AppleWebKit/537.36 (KHTML, like Gecko) Chrome/58.0.3029.110 Safari/537.3"
69.57.162.30 - - [18/Aug/2025:15:49:52 -0400] "POST /wp-cron.php?doing_wp_cron=1755546592.9304780960083007812500 HTTP/1.1" 403 1242 "-" "WordPress/6.8.2; https://verdantagroalliedservices.com"
69.57.162.30 - - [18/Aug/2025:15:49:53 -0400] "POST /wp-cron.php?doing_wp_cron=1755546593.0203189849853515625000 HTTP/1.1" 403 1242 "-" "WordPress/6.8.2; https://verdantagroalliedservices.com"
208.110.64.178 - - [18/Aug/2025:15:49:52 -0400] "GET /wp-includes/wp-configs.php HTTP/1.1" 404 10381 "https://verdantagroalliedservices.com/wp-includes/wp-configs.php" "Mozilla/5.0 (Windows NT 10.0; Win64; x64) AppleWebKit/537.36 (KHTML, like Gecko) Chrome/58.0.3029.110 Safari/537.3"
45.185.152.76 - - [18/Aug/2025:15:58:02 -0400] "GET /wp-includes/customize/class-wp-widget-form-customize-control.php HTTP/1.1" 403 1242 "https://verdantagroalliedservices.com/wp-includes/customize/class-wp-widget-form-customize-control.php" "Mozilla/5.0 (X11; CrOS x86_64 14541.0.0) AppleWebKit/537.36 (KHTML, like Gecko) Chrome/134.0.0.0 Safari/537.36"
208.110.64.178 - - [18/Aug/2025:16:12:27 -0400] "GET /wp-includes/wp-configs.php HTTP/1.1" 200 0 "https://verdantagroalliedservices.com/wp-includes/wp-configs.php" "Mozilla/5.0 (Windows NT 10.0; Win64; x64) AppleWebKit/537.36 (KHTML, like Gecko) Chrome/58.0.3029.110 Safari/537.3"
69.57.162.30 - - [18/Aug/2025:16:12:30 -0400] "POST /wp-cron.php?doing_wp_cron=1755547950.4863379001617431640625 HTTP/1.1" 403 1242 "-" "WordPress/6.8.2; https://verdantagroalliedservices.com"
69.57.162.30 - - [18/Aug/2025:16:12:30 -0400] "POST /wp-cron.php?doing_wp_cron=1755547950.4863440990447998046875 HTTP/1.1" 403 1242 "-" "WordPress/6.8.2; https://verdantagroalliedservices.com"
208.110.64.178 - - [18/Aug/2025:16:12:30 -0400] "GET /wp-includes/wp-configs.php HTTP/1.1" 404 10378 "https://verdantagroalliedservices.com/wp-includes/wp-configs.php" "Mozilla/5.0 (Windows NT 10.0; Win64; x64) AppleWebKit/537.36 (KHTML, like Gecko) Chrome/58.0.3029.110 Safari/537.3"
198.46.234.28 - - [18/Aug/2025:16:22:35 -0400] "POST /index.php/wp-json/litespeed/v1/cdn_status HTTP/1.1" 403 6987 "https://verdantagroalliedservices.com/wp-admin/update.php?action=upload-plugin" "Mozilla/5.0 (Windows NT 10.0; Win64; x64; rv:128.0) Gecko/20100101 Firefox/128.0"
208.110.64.178 - - [18/Aug/2025:16:24:10 -0400] "GET /wp-includes/wp-configs.php HTTP/1.1" 200 0 "https://verdantagroalliedservices.com/wp-includes/wp-configs.php" "Mozilla/5.0 (Windows NT 10.0; Win64; x64) AppleWebKit/537.36 (KHTML, like Gecko) Chrome/58.0.3029.110 Safari/537.3"
69.57.162.30 - - [18/Aug/2025:16:24:12 -0400] "POST /?wordfence_syncAttackData=1755548652.2637 HTTP/1.1" 200 0 "-" "WordPress/6.8.2; https://verdantagroalliedservices.com"
69.57.162.30 - - [18/Aug/2025:16:24:13 -0400] "POST /wp-cron.php?doing_wp_cron=1755548653.2847290039062500000000 HTTP/1.1" 403 1242 "-" "WordPress/6.8.2; https://verdantagroalliedservices.com"
69.57.162.30 - - [18/Aug/2025:16:24:13 -0400] "POST /wp-cron.php?doing_wp_cron=1755548653.4984719753265380859375 HTTP/1.1" 403 1242 "-" "WordPress/6.8.2; https://verdantagroalliedservices.com"
208.110.64.178 - - [18/Aug/2025:16:24:12 -0400] "GET /wp-includes/wp-configs.php HTTP/1.1" 404 10380 "https://verdantagroalliedservices.com/wp-includes/wp-configs.php" "Mozilla/5.0 (Windows NT 10.0; Win64; x64) AppleWebKit/537.36 (KHTML, like Gecko) Chrome/58.0.3029.110 Safari/537.3"
40.69.66.178 - - [18/Aug/2025:16:24:27 -0400] "GET /wp-content/plugins/hellopress/wp_filemanager.php HTTP/1.1" 404 47322 "-" "-"
40.69.66.178 - - [18/Aug/2025:16:24:28 -0400] "GET /elp.php HTTP/1.1" 404 47322 "-" "-"
40.69.66.178 - - [18/Aug/2025:16:24:29 -0400] "GET /ot.php HTTP/1.1" 404 47322 "-" "-"
40.69.66.178 - - [18/Aug/2025:16:24:29 -0400] "GET /acp.php HTTP/1.1" 404 47322 "-" "-"
40.69.66.178 - - [18/Aug/2025:16:24:30 -0400] "GET /bolt.php HTTP/1.1" 404 47322 "-" "-"
40.69.66.178 - - [18/Aug/2025:16:24:31 -0400] "GET /pepe.php HTTP/1.1" 404 47322 "-" "-"
40.69.66.178 - - [18/Aug/2025:16:24:32 -0400] "GET /alfa.php HTTP/1.1" 404 47322 "-" "-"
40.69.66.178 - - [18/Aug/2025:16:24:33 -0400] "GET /natural.php HTTP/1.1" 404 47322 "-" "-"
40.69.66.178 - - [18/Aug/2025:16:24:34 -0400] "GET /law.php HTTP/1.1" 404 47322 "-" "-"
40.69.66.178 - - [18/Aug/2025:16:24:34 -0400] "GET /yca.php HTTP/1.1" 404 47322 "-" "-"
40.69.66.178 - - [18/Aug/2025:16:24:35 -0400] "GET /wsad.php HTTP/1.1" 404 47322 "-" "-"
40.69.66.178 - - [18/Aug/2025:16:24:36 -0400] "GET /wsa.php HTTP/1.1" 404 47322 "-" "-"
40.69.66.178 - - [18/Aug/2025:16:24:37 -0400] "GET /ay.php HTTP/1.1" 404 47322 "-" "-"
40.69.66.178 - - [18/Aug/2025:16:24:38 -0400] "GET /zwso.php HTTP/1.1" 404 47322 "-" "-"
143.0.229.231 - - [18/Aug/2025:16:26:26 -0400] "GET /wp-includes/customize/class-wp-customize-code-editor-control.php HTTP/1.1" 403 1242 "https://verdantagroalliedservices.com/wp-includes/customize/class-wp-customize-code-editor-control.php" "Mozilla/5.0 (X11; CrOS x86_64 14541.0.0) AppleWebKit/537.36 (KHTML, like Gecko) Chrome/134.0.0.0 Safari/537.36"
89.248.172.183 - - [18/Aug/2025:16:34:55 -0400] "POST /wp-json/litespeed/v1/cdn_status HTTP/1.1" 403 1242 "-" "Mozilla/5.0 (X11; Linux x86_64; rv:109.0) Gecko/20100101 Firefox/114.3"
204.12.252.98 - - [18/Aug/2025:16:35:32 -0400] "GET /wp-includes/wp-configs.php HTTP/1.1" 200 0 "https://verdantagroalliedservices.com/wp-includes/wp-configs.php" "Mozilla/5.0 (Windows NT 10.0; Win64; x64) AppleWebKit/537.36 (KHTML, like Gecko) Chrome/58.0.3029.110 Safari/537.3"
69.57.162.30 - - [18/Aug/2025:16:35:34 -0400] "POST /wp-cron.php?doing_wp_cron=1755549334.5562419891357421875000 HTTP/1.1" 403 1242 "-" "WordPress/6.8.2; https://verdantagroalliedservices.com"
69.57.162.30 - - [18/Aug/2025:16:35:34 -0400] "POST /wp-cron.php?doing_wp_cron=1755549334.6081500053405761718750 HTTP/1.1" 403 1242 "-" "WordPress/6.8.2; https://verdantagroalliedservices.com"
204.12.252.98 - - [18/Aug/2025:16:35:34 -0400] "GET /wp-includes/wp-configs.php HTTP/1.1" 404 10379 "https://verdantagroalliedservices.com/wp-includes/wp-configs.php" "Mozilla/5.0 (Windows NT 10.0; Win64; x64) AppleWebKit/537.36 (KHTML, like Gecko) Chrome/58.0.3029.110 Safari/537.3"
208.110.64.178 - - [18/Aug/2025:16:47:45 -0400] "GET /wp-includes/wp-configs.php HTTP/1.1" 200 0 "https://verdantagroalliedservices.com/wp-includes/wp-configs.php" "Mozilla/5.0 (Windows NT 10.0; Win64; x64) AppleWebKit/537.36 (KHTML, like Gecko) Chrome/58.0.3029.110 Safari/537.3"
69.57.162.30 - - [18/Aug/2025:16:47:47 -0400] "POST /wp-cron.php?doing_wp_cron=1755550067.7919158935546875000000 HTTP/1.1" 403 1242 "-" "WordPress/6.8.2; https://verdantagroalliedservices.com"
69.57.162.30 - - [18/Aug/2025:16:47:47 -0400] "POST /wp-cron.php?doing_wp_cron=1755550067.7919061183929443359375 HTTP/1.1" 403 1242 "-" "WordPress/6.8.2; https://verdantagroalliedservices.com"
208.110.64.178 - - [18/Aug/2025:16:47:47 -0400] "GET /wp-includes/wp-configs.php HTTP/1.1" 404 10379 "https://verdantagroalliedservices.com/wp-includes/wp-configs.php" "Mozilla/5.0 (Windows NT 10.0; Win64; x64) AppleWebKit/537.36 (KHTML, like Gecko) Chrome/58.0.3029.110 Safari/537.3"
192.36.136.8 - - [18/Aug/2025:16:57:40 -0400] "GET /robots.txt HTTP/1.1" 200 145 "http://verdantagroalliedservices.com/robots.txt" "Mozilla/5.0 (Windows NT 10.0; Win64; x64) AppleWebKit/537.36 (KHTML, like Gecko) Chrome/120.0.0.0 Safari/537.36 Viewer/99.9.8853.8"
69.57.162.30 - - [18/Aug/2025:16:57:43 -0400] "POST /wp-cron.php?doing_wp_cron=1755550663.4967360496520996093750 HTTP/1.1" 403 1242 "-" "WordPress/6.8.2; https://verdantagroalliedservices.com"
192.36.121.172 - - [18/Aug/2025:16:57:41 -0400] "GET / HTTP/1.1" 200 22334 "http://verdantagroalliedservices.com/" "Mozilla/5.0 (Windows NT 10.0; Win64; x64) AppleWebKit/537.36 (KHTML, like Gecko) Chrome/120.0.0.0 Safari/537.36 Viewer/99.9.8853.8"
204.12.252.98 - - [18/Aug/2025:16:58:13 -0400] "GET /wp-includes/wp-configs.php HTTP/1.1" 404 10379 "https://verdantagroalliedservices.com/wp-includes/wp-configs.php" "Mozilla/5.0 (Windows NT 10.0; Win64; x64) AppleWebKit/537.36 (KHTML, like Gecko) Chrome/58.0.3029.110 Safari/537.3"
204.12.252.98 - - [18/Aug/2025:17:12:33 -0400] "GET /wp-includes/wp-configs.php HTTP/1.1" 200 0 "https://verdantagroalliedservices.com/wp-includes/wp-configs.php" "Mozilla/5.0 (Windows NT 10.0; Win64; x64) AppleWebKit/537.36 (KHTML, like Gecko) Chrome/58.0.3029.110 Safari/537.3"
69.57.162.30 - - [18/Aug/2025:17:12:35 -0400] "POST /wp-cron.php?doing_wp_cron=1755551555.2471089363098144531250 HTTP/1.1" 403 1242 "-" "WordPress/6.8.2; https://verdantagroalliedservices.com"
204.12.252.98 - - [18/Aug/2025:17:12:35 -0400] "GET /wp-includes/wp-configs.php HTTP/1.1" 404 10379 "https://verdantagroalliedservices.com/wp-includes/wp-configs.php" "Mozilla/5.0 (Windows NT 10.0; Win64; x64) AppleWebKit/537.36 (KHTML, like Gecko) Chrome/58.0.3029.110 Safari/537.3"
23.98.186.177 - - [18/Aug/2025:17:14:17 -0400] "GET / HTTP/1.1" 200 0 "-" "Mozilla/5.0 AppleWebKit/537.36 (KHTML, like Gecko); compatible; ChatGPT-User/1.0; +https://openai.com/bot"
69.57.162.30 - - [18/Aug/2025:17:14:19 -0400] "POST /wp-cron.php?doing_wp_cron=1755551659.5547590255737304687500 HTTP/1.1" 403 1242 "-" "WordPress/6.8.2; https://verdantagroalliedservices.com"
66.249.65.193 - - [18/Aug/2025:17:14:24 -0400] "GET /robots.txt HTTP/1.1" 200 115 "-" "Mozilla/5.0 (compatible; Googlebot/2.1; +http://www.google.com/bot.html)"
66.249.65.194 - - [18/Aug/2025:17:14:25 -0400] "GET / HTTP/1.1" 200 18843 "-" "Mozilla/5.0 (compatible; Googlebot/2.1; +http://www.google.com/bot.html)"
66.249.65.193 - - [18/Aug/2025:17:14:25 -0400] "GET / HTTP/1.1" 200 18843 "-" "Mozilla/5.0 (Linux; Android 6.0.1; Nexus 5X Build/MMB29P) AppleWebKit/537.36 (KHTML, like Gecko) Chrome/138.0.7204.183 Mobile Safari/537.36 (compatible; Googlebot/2.1; +http://www.google.com/bot.html)"
66.249.65.194 - - [18/Aug/2025:17:14:27 -0400] "GET /favicon.ico HTTP/1.1" 404 1251 "-" "Googlebot-Image/1.0"
66.249.65.193 - - [18/Aug/2025:17:14:28 -0400] "GET /wp-content/themes/blocksy/static/bundle/elementor-frontend.min.css?ver=2.1.8 HTTP/1.1" 200 308 "https://verdantagroalliedservices.com/" "Mozilla/5.0 (Linux; Android 6.0.1; Nexus 5X Build/MMB29P) AppleWebKit/537.36 (KHTML, like Gecko) Chrome/138.0.7204.183 Mobile Safari/537.36 (compatible; Googlebot/2.1; +http://www.google.com/bot.html)"
66.249.65.195 - - [18/Aug/2025:17:14:28 -0400] "GET /wp-content/plugins/elementor-pro/assets/css/conditionals/popup.min.css?ver=3.25.3 HTTP/1.1" 200 322 "https://verdantagroalliedservices.com/" "Mozilla/5.0 (Linux; Android 6.0.1; Nexus 5X Build/MMB29P) AppleWebKit/537.36 (KHTML, like Gecko) Chrome/138.0.7204.183 Mobile Safari/537.36 (compatible; Googlebot/2.1; +http://www.google.com/bot.html)"
66.249.65.194 - - [18/Aug/2025:17:14:28 -0400] "GET /wp-content/uploads/elementor/css/post-7.css?ver=1734744558 HTTP/1.1" 200 712 "https://verdantagroalliedservices.com/" "Mozilla/5.0 (Linux; Android 6.0.1; Nexus 5X Build/MMB29P) AppleWebKit/537.36 (KHTML, like Gecko) Chrome/138.0.7204.183 Mobile Safari/537.36 (compatible; Googlebot/2.1; +http://www.google.com/bot.html)"
66.249.65.194 - - [18/Aug/2025:17:14:28 -0400] "GET /wp-content/plugins/elementor-pro/assets/css/widget-carousel-module-base.min.css?ver=3.25.3 HTTP/1.1" 200 585 "https://verdantagroalliedservices.com/" "Mozilla/5.0 (Linux; Android 6.0.1; Nexus 5X Build/MMB29P) AppleWebKit/537.36 (KHTML, like Gecko) Chrome/138.0.7204.183 Mobile Safari/537.36 (compatible; Googlebot/2.1; +http://www.google.com/bot.html)"
66.249.65.194 - - [18/Aug/2025:17:14:28 -0400] "GET /wp-content/plugins/elementor/assets/css/frontend.min.css?ver=3.31.2 HTTP/1.1" 200 6525 "https://verdantagroalliedservices.com/" "Mozilla/5.0 (Linux; Android 6.0.1; Nexus 5X Build/MMB29P) AppleWebKit/537.36 (KHTML, like Gecko) Chrome/138.0.7204.183 Mobile Safari/537.36 (compatible; Googlebot/2.1; +http://www.google.com/bot.html)"
66.249.65.193 - - [18/Aug/2025:17:14:29 -0400] "GET /wp-content/plugins/elementor/assets/lib/swiper/v8/css/swiper.min.css?ver=8.4.5 HTTP/1.1" 200 4248 "https://verdantagroalliedservices.com/" "Mozilla/5.0 (Linux; Android 6.0.1; Nexus 5X Build/MMB29P) AppleWebKit/537.36 (KHTML, like Gecko) Chrome/138.0.7204.183 Mobile Safari/537.36 (compatible; Googlebot/2.1; +http://www.google.com/bot.html)"
66.249.65.194 - - [18/Aug/2025:17:14:29 -0400] "GET /wp-content/plugins/elementor/assets/css/widget-heading.min.css?ver=3.31.2 HTTP/1.1" 200 154 "https://verdantagroalliedservices.com/" "Mozilla/5.0 (Linux; Android 6.0.1; Nexus 5X Build/MMB29P) AppleWebKit/537.36 (KHTML, like Gecko) Chrome/138.0.7204.183 Mobile Safari/537.36 (compatible; Googlebot/2.1; +http://www.google.com/bot.html)"
66.249.65.194 - - [18/Aug/2025:17:14:29 -0400] "GET /wp-content/themes/blocksy/static/bundle/main.min.css?ver=2.1.8 HTTP/1.1" 200 17530 "https://verdantagroalliedservices.com/" "Mozilla/5.0 (Linux; Android 6.0.1; Nexus 5X Build/MMB29P) AppleWebKit/537.36 (KHTML, like Gecko) Chrome/138.0.7204.183 Mobile Safari/537.36 (compatible; Googlebot/2.1; +http://www.google.com/bot.html)"
66.249.65.194 - - [18/Aug/2025:17:14:29 -0400] "GET /wp-content/plugins/elementor/assets/css/widget-text-editor.min.css?ver=3.31.2 HTTP/1.1" 200 208 "https://verdantagroalliedservices.com/" "Mozilla/5.0 (Linux; Android 6.0.1; Nexus 5X Build/MMB29P) AppleWebKit/537.36 (KHTML, like Gecko) Chrome/138.0.7204.183 Mobile Safari/537.36 (compatible; Googlebot/2.1; +http://www.google.com/bot.html)"
66.249.65.193 - - [18/Aug/2025:17:14:29 -0400] "GET /wp-content/plugins/elementor/assets/css/conditionals/e-swiper.min.css?ver=3.31.2 HTTP/1.1" 200 699 "https://verdantagroalliedservices.com/" "Mozilla/5.0 (Linux; Android 6.0.1; Nexus 5X Build/MMB29P) AppleWebKit/537.36 (KHTML, like Gecko) Chrome/138.0.7204.183 Mobile Safari/537.36 (compatible; Googlebot/2.1; +http://www.google.com/bot.html)"
66.249.65.194 - - [18/Aug/2025:17:14:29 -0400] "GET /wp-content/plugins/elementor-pro/assets/css/widget-testimonial-carousel.min.css?ver=3.25.3 HTTP/1.1" 200 1396 "https://verdantagroalliedservices.com/" "Mozilla/5.0 (Linux; Android 6.0.1; Nexus 5X Build/MMB29P) AppleWebKit/537.36 (KHTML, like Gecko) Chrome/138.0.7204.183 Mobile Safari/537.36 (compatible; Googlebot/2.1; +http://www.google.com/bot.html)"
66.249.65.193 - - [18/Aug/2025:17:14:30 -0400] "GET /wp-content/uploads/elementor/css/post-8.css?ver=1734744559 HTTP/1.1" 200 2931 "https://verdantagroalliedservices.com/" "Mozilla/5.0 (Linux; Android 6.0.1; Nexus 5X Build/MMB29P) AppleWebKit/537.36 (KHTML, like Gecko) Chrome/138.0.7204.183 Mobile Safari/537.36 (compatible; Googlebot/2.1; +http://www.google.com/bot.html)"
66.249.65.194 - - [18/Aug/2025:17:14:30 -0400] "GET /wp-content/plugins/elementor/assets/css/widget-image.min.css?ver=3.31.2 HTTP/1.1" 200 254 "https://verdantagroalliedservices.com/" "Mozilla/5.0 (Linux; Android 6.0.1; Nexus 5X Build/MMB29P) AppleWebKit/537.36 (KHTML, like Gecko) Chrome/138.0.7204.183 Mobile Safari/537.36 (compatible; Googlebot/2.1; +http://www.google.com/bot.html)"
66.249.65.194 - - [18/Aug/2025:17:14:30 -0400] "GET /wp-content/plugins/elementor/assets/css/widget-icon-list.min.css?ver=3.31.2 HTTP/1.1" 200 961 "https://verdantagroalliedservices.com/" "Mozilla/5.0 (Linux; Android 6.0.1; Nexus 5X Build/MMB29P) AppleWebKit/537.36 (KHTML, like Gecko) Chrome/138.0.7204.183 Mobile Safari/537.36 (compatible; Googlebot/2.1; +http://www.google.com/bot.html)"
66.249.65.194 - - [18/Aug/2025:17:14:30 -0400] "GET /wp-content/uploads/blocksy/css/global.css?ver=59056 HTTP/1.1" 200 3745 "https://verdantagroalliedservices.com/" "Mozilla/5.0 (Linux; Android 6.0.1; Nexus 5X Build/MMB29P) AppleWebKit/537.36 (KHTML, like Gecko) Chrome/138.0.7204.183 Mobile Safari/537.36 (compatible; Googlebot/2.1; +http://www.google.com/bot.html)"
66.249.65.193 - - [18/Aug/2025:17:14:30 -0400] "GET /wp-content/themes/blocksy/static/bundle/main.js?ver=2.1.8 HTTP/1.1" 200 9433 "https://verdantagroalliedservices.com/" "Mozilla/5.0 (Linux; Android 6.0.1; Nexus 5X Build/MMB29P) AppleWebKit/537.36 (KHTML, like Gecko) Chrome/138.0.7204.183 Mobile Safari/537.36 (compatible; Googlebot/2.1; +http://www.google.com/bot.html)"
66.249.65.194 - - [18/Aug/2025:17:14:31 -0400] "GET /wp-content/plugins/elementor-pro/assets/css/widget-loop-builder.min.css?ver=3.25.3 HTTP/1.1" 200 2273 "https://verdantagroalliedservices.com/" "Mozilla/5.0 (Linux; Android 6.0.1; Nexus 5X Build/MMB29P) AppleWebKit/537.36 (KHTML, like Gecko) Chrome/138.0.7204.183 Mobile Safari/537.36 (compatible; Googlebot/2.1; +http://www.google.com/bot.html)"
66.249.65.194 - - [18/Aug/2025:17:14:31 -0400] "GET /wp-includes/js/imagesloaded.min.js?ver=5.0.0 HTTP/1.1" 200 1687 "https://verdantagroalliedservices.com/" "Mozilla/5.0 (Linux; Android 6.0.1; Nexus 5X Build/MMB29P) AppleWebKit/537.36 (KHTML, like Gecko) Chrome/138.0.7204.183 Mobile Safari/537.36 (compatible; Googlebot/2.1; +http://www.google.com/bot.html)"
66.249.65.194 - - [18/Aug/2025:17:14:31 -0400] "GET /wp-content/plugins/elementor/assets/css/widget-icon-list.min.css?ver=3.31.2 HTTP/1.1" 200 961 "https://verdantagroalliedservices.com/" "Mozilla/5.0 AppleWebKit/537.36 (KHTML, like Gecko; compatible; Googlebot/2.1; +http://www.google.com/bot.html) Chrome/138.0.7204.183 Safari/537.36"
66.249.65.194 - - [18/Aug/2025:17:14:31 -0400] "GET /wp-content/themes/blocksy/static/bundle/elementor-frontend.min.css?ver=2.1.8 HTTP/1.1" 200 308 "https://verdantagroalliedservices.com/" "Mozilla/5.0 AppleWebKit/537.36 (KHTML, like Gecko; compatible; Googlebot/2.1; +http://www.google.com/bot.html) Chrome/138.0.7204.183 Safari/537.36"
66.249.65.194 - - [18/Aug/2025:17:14:32 -0400] "GET /wp-content/plugins/elementor/assets/css/conditionals/e-swiper.min.css?ver=3.31.2 HTTP/1.1" 200 699 "https://verdantagroalliedservices.com/" "Mozilla/5.0 AppleWebKit/537.36 (KHTML, like Gecko; compatible; Googlebot/2.1; +http://www.google.com/bot.html) Chrome/138.0.7204.183 Safari/537.36"
66.249.65.194 - - [18/Aug/2025:17:14:32 -0400] "GET /wp-content/plugins/elementor/assets/css/widget-image.min.css?ver=3.31.2 HTTP/1.1" 200 254 "https://verdantagroalliedservices.com/" "Mozilla/5.0 AppleWebKit/537.36 (KHTML, like Gecko; compatible; Googlebot/2.1; +http://www.google.com/bot.html) Chrome/138.0.7204.183 Safari/537.36"
66.249.65.194 - - [18/Aug/2025:17:14:32 -0400] "GET /wp-content/plugins/elementor/assets/css/widget-text-editor.min.css?ver=3.31.2 HTTP/1.1" 200 208 "https://verdantagroalliedservices.com/" "Mozilla/5.0 AppleWebKit/537.36 (KHTML, like Gecko; compatible; Googlebot/2.1; +http://www.google.com/bot.html) Chrome/138.0.7204.183 Safari/537.36"
66.249.65.194 - - [18/Aug/2025:17:14:32 -0400] "GET /wp-content/uploads/blocksy/css/global.css?ver=59056 HTTP/1.1" 200 3745 "https://verdantagroalliedservices.com/" "Mozilla/5.0 AppleWebKit/537.36 (KHTML, like Gecko; compatible; Googlebot/2.1; +http://www.google.com/bot.html) Chrome/138.0.7204.183 Safari/537.36"
66.249.65.193 - - [18/Aug/2025:17:14:32 -0400] "GET /wp-content/plugins/elementor/assets/css/frontend.min.css?ver=3.31.2 HTTP/1.1" 200 6525 "https://verdantagroalliedservices.com/" "Mozilla/5.0 AppleWebKit/537.36 (KHTML, like Gecko; compatible; Googlebot/2.1; +http://www.google.com/bot.html) Chrome/138.0.7204.183 Safari/537.36"
66.249.65.193 - - [18/Aug/2025:17:14:32 -0400] "GET /wp-content/plugins/elementor/assets/css/widget-heading.min.css?ver=3.31.2 HTTP/1.1" 200 154 "https://verdantagroalliedservices.com/" "Mozilla/5.0 AppleWebKit/537.36 (KHTML, like Gecko; compatible; Googlebot/2.1; +http://www.google.com/bot.html) Chrome/138.0.7204.183 Safari/537.36"
66.249.65.193 - - [18/Aug/2025:17:14:33 -0400] "GET /wp-content/plugins/elementor-pro/assets/css/widget-testimonial-carousel.min.css?ver=3.25.3 HTTP/1.1" 200 1396 "https://verdantagroalliedservices.com/" "Mozilla/5.0 AppleWebKit/537.36 (KHTML, like Gecko; compatible; Googlebot/2.1; +http://www.google.com/bot.html) Chrome/138.0.7204.183 Safari/537.36"
66.249.65.193 - - [18/Aug/2025:17:14:33 -0400] "GET /wp-content/themes/blocksy/static/bundle/main.js?ver=2.1.8 HTTP/1.1" 200 9433 "https://verdantagroalliedservices.com/" "Mozilla/5.0 AppleWebKit/537.36 (KHTML, like Gecko; compatible; Googlebot/2.1; +http://www.google.com/bot.html) Chrome/138.0.7204.183 Safari/537.36"
66.249.65.193 - - [18/Aug/2025:17:14:33 -0400] "GET /wp-content/uploads/elementor/css/post-8.css?ver=1734744559 HTTP/1.1" 200 2931 "https://verdantagroalliedservices.com/" "Mozilla/5.0 AppleWebKit/537.36 (KHTML, like Gecko; compatible; Googlebot/2.1; +http://www.google.com/bot.html) Chrome/138.0.7204.183 Safari/537.36"
66.249.65.193 - - [18/Aug/2025:17:14:33 -0400] "GET /wp-content/themes/blocksy/static/bundle/main.min.css?ver=2.1.8 HTTP/1.1" 200 17530 "https://verdantagroalliedservices.com/" "Mozilla/5.0 AppleWebKit/537.36 (KHTML, like Gecko; compatible; Googlebot/2.1; +http://www.google.com/bot.html) Chrome/138.0.7204.183 Safari/537.36"
66.249.65.193 - - [18/Aug/2025:17:14:33 -0400] "GET /wp-content/plugins/elementor/assets/js/webpack.runtime.min.js?ver=3.31.2 HTTP/1.1" 200 2320 "https://verdantagroalliedservices.com/" "Mozilla/5.0 AppleWebKit/537.36 (KHTML, like Gecko; compatible; Googlebot/2.1; +http://www.google.com/bot.html) Chrome/138.0.7204.183 Safari/537.36"
66.249.65.193 - - [18/Aug/2025:17:14:34 -0400] "GET /wp-content/plugins/elementor/assets/js/webpack.runtime.min.js?ver=3.31.2 HTTP/1.1" 200 2320 "https://verdantagroalliedservices.com/" "Mozilla/5.0 (Linux; Android 6.0.1; Nexus 5X Build/MMB29P) AppleWebKit/537.36 (KHTML, like Gecko) Chrome/138.0.7204.183 Mobile Safari/537.36 (compatible; Googlebot/2.1; +http://www.google.com/bot.html)"
66.249.65.193 - - [18/Aug/2025:17:14:34 -0400] "GET /wp-content/plugins/elementor/assets/js/frontend-modules.min.js?ver=3.31.2 HTTP/1.1" 200 14925 "https://verdantagroalliedservices.com/" "Mozilla/5.0 (Linux; Android 6.0.1; Nexus 5X Build/MMB29P) AppleWebKit/537.36 (KHTML, like Gecko) Chrome/138.0.7204.183 Mobile Safari/537.36 (compatible; Googlebot/2.1; +http://www.google.com/bot.html)"
66.249.65.193 - - [18/Aug/2025:17:14:34 -0400] "GET /wp-content/plugins/elementor-pro/assets/js/frontend.min.js?ver=3.25.3 HTTP/1.1" 200 6446 "https://verdantagroalliedservices.com/" "Mozilla/5.0 (Linux; Android 6.0.1; Nexus 5X Build/MMB29P) AppleWebKit/537.36 (KHTML, like Gecko) Chrome/138.0.7204.183 Mobile Safari/537.36 (compatible; Googlebot/2.1; +http://www.google.com/bot.html)"
66.249.65.193 - - [18/Aug/2025:17:14:34 -0400] "GET /wp-includes/js/jquery/jquery-migrate.min.js?ver=3.4.1 HTTP/1.1" 200 4678 "https://verdantagroalliedservices.com/" "Mozilla/5.0 (Linux; Android 6.0.1; Nexus 5X Build/MMB29P) AppleWebKit/537.36 (KHTML, like Gecko) Chrome/138.0.7204.183 Mobile Safari/537.36 (compatible; Googlebot/2.1; +http://www.google.com/bot.html)"
66.249.65.193 - - [18/Aug/2025:17:14:34 -0400] "GET /wp-content/plugins/elementor-pro/assets/js/webpack-pro.runtime.min.js?ver=3.25.3 HTTP/1.1" 200 2628 "https://verdantagroalliedservices.com/" "Mozilla/5.0 (Linux; Android 6.0.1; Nexus 5X Build/MMB29P) AppleWebKit/537.36 (KHTML, like Gecko) Chrome/138.0.7204.183 Mobile Safari/537.36 (compatible; Googlebot/2.1; +http://www.google.com/bot.html)"
66.249.65.193 - - [18/Aug/2025:17:14:34 -0400] "GET /wp-includes/js/dist/hooks.min.js?ver=4d63a3d491d11ffd8ac6 HTTP/1.1" 200 1571 "https://verdantagroalliedservices.com/" "Mozilla/5.0 (Linux; Android 6.0.1; Nexus 5X Build/MMB29P) AppleWebKit/537.36 (KHTML, like Gecko) Chrome/138.0.7204.183 Mobile Safari/537.36 (compatible; Googlebot/2.1; +http://www.google.com/bot.html)"
66.249.65.193 - - [18/Aug/2025:17:14:35 -0400] "GET /wp-includes/js/dist/i18n.min.js?ver=5e580eb46a90c2b997e6 HTTP/1.1" 200 3542 "https://verdantagroalliedservices.com/" "Mozilla/5.0 (Linux; Android 6.0.1; Nexus 5X Build/MMB29P) AppleWebKit/537.36 (KHTML, like Gecko) Chrome/138.0.7204.183 Mobile Safari/537.36 (compatible; Googlebot/2.1; +http://www.google.com/bot.html)"
66.249.65.193 - - [18/Aug/2025:17:14:35 -0400] "GET /wp-content/plugins/blocksy-companion-pro/framework/extensions/cookies-consent/static/bundle/main.js?ver=2.0.73 HTTP/1.1" 200 2204 "https://verdantagroalliedservices.com/" "Mozilla/5.0 (Linux; Android 6.0.1; Nexus 5X Build/MMB29P) AppleWebKit/537.36 (KHTML, like Gecko) Chrome/138.0.7204.183 Mobile Safari/537.36 (compatible; Googlebot/2.1; +http://www.google.com/bot.html)"
66.249.65.193 - - [18/Aug/2025:17:14:35 -0400] "GET /wp-includes/js/jquery/ui/core.min.js?ver=1.13.3 HTTP/1.1" 200 6812 "https://verdantagroalliedservices.com/" "Mozilla/5.0 (Linux; Android 6.0.1; Nexus 5X Build/MMB29P) AppleWebKit/537.36 (KHTML, like Gecko) Chrome/138.0.7204.183 Mobile Safari/537.36 (compatible; Googlebot/2.1; +http://www.google.com/bot.html)"
66.249.65.193 - - [18/Aug/2025:17:14:35 -0400] "GET /wp-content/plugins/elementor/assets/js/frontend.min.js?ver=3.31.2 HTTP/1.1" 200 10403 "https://verdantagroalliedservices.com/" "Mozilla/5.0 (Linux; Android 6.0.1; Nexus 5X Build/MMB29P) AppleWebKit/537.36 (KHTML, like Gecko) Chrome/138.0.7204.183 Mobile Safari/537.36 (compatible; Googlebot/2.1; +http://www.google.com/bot.html)"
66.249.65.193 - - [18/Aug/2025:17:14:35 -0400] "GET /wp-content/plugins/elementor-pro/assets/js/elements-handlers.min.js?ver=3.25.3 HTTP/1.1" 200 9746 "https://verdantagroalliedservices.com/" "Mozilla/5.0 (Linux; Android 6.0.1; Nexus 5X Build/MMB29P) AppleWebKit/537.36 (KHTML, like Gecko) Chrome/138.0.7204.183 Mobile Safari/537.36 (compatible; Googlebot/2.1; +http://www.google.com/bot.html)"
66.249.65.193 - - [18/Aug/2025:17:14:36 -0400] "GET /wp-includes/js/jquery/jquery.min.js?ver=3.7.1 HTTP/1.1" 200 29744 "https://verdantagroalliedservices.com/" "Mozilla/5.0 (Linux; Android 6.0.1; Nexus 5X Build/MMB29P) AppleWebKit/537.36 (KHTML, like Gecko) Chrome/138.0.7204.183 Mobile Safari/537.36 (compatible; Googlebot/2.1; +http://www.google.com/bot.html)"
66.249.65.193 - - [18/Aug/2025:17:14:36 -0400] "GET /wp-content/plugins/elementor/assets/js/frontend-modules.min.js?ver=3.31.2 HTTP/1.1" 200 14925 "https://verdantagroalliedservices.com/" "Mozilla/5.0 AppleWebKit/537.36 (KHTML, like Gecko; compatible; Googlebot/2.1; +http://www.google.com/bot.html) Chrome/138.0.7204.183 Safari/537.36"
66.249.65.193 - - [18/Aug/2025:17:14:36 -0400] "GET /wp-content/plugins/elementor/assets/js/frontend.min.js?ver=3.31.2 HTTP/1.1" 200 10403 "https://verdantagroalliedservices.com/" "Mozilla/5.0 AppleWebKit/537.36 (KHTML, like Gecko; compatible; Googlebot/2.1; +http://www.google.com/bot.html) Chrome/138.0.7204.183 Safari/537.36"
66.249.65.193 - - [18/Aug/2025:17:14:38 -0400] "POST /wp-admin/admin-ajax.php HTTP/1.1" 403 1242 "https://verdantagroalliedservices.com/" "Mozilla/5.0 (Linux; Android 6.0.1; Nexus 5X Build/MMB29P) AppleWebKit/537.36 (KHTML, like Gecko) Chrome/138.0.7204.183 Mobile Safari/537.36 (compatible; Googlebot/2.1; +http://www.google.com/bot.html)"
66.249.65.193 - - [18/Aug/2025:17:14:38 -0400] "GET /wp-content/plugins/blocksy-companion-pro/static/bundle/sticky.js?ver=2.1.8 HTTP/1.1" 200 3310 "https://verdantagroalliedservices.com/" "Mozilla/5.0 (Linux; Android 6.0.1; Nexus 5X Build/MMB29P) AppleWebKit/537.36 (KHTML, like Gecko) Chrome/138.0.7204.183 Mobile Safari/537.36 (compatible; Googlebot/2.1; +http://www.google.com/bot.html)"
66.249.65.193 - - [18/Aug/2025:17:14:39 -0400] "GET /wp-content/plugins/elementor/assets/js/text-editor.abc8f59c62f2820dc25a.bundle.min.js HTTP/1.1" 200 618 "https://verdantagroalliedservices.com/" "Mozilla/5.0 (Linux; Android 6.0.1; Nexus 5X Build/MMB29P) AppleWebKit/537.36 (KHTML, like Gecko) Chrome/138.0.7204.183 Mobile Safari/537.36 (compatible; Googlebot/2.1; +http://www.google.com/bot.html)"
66.249.65.193 - - [18/Aug/2025:17:14:39 -0400] "GET /wp-content/plugins/elementor/assets/js/shared-frontend-handlers.4c8abccc3e268b0767b2.bundle.min.js HTTP/1.1" 200 2541 "https://verdantagroalliedservices.com/" "Mozilla/5.0 (Linux; Android 6.0.1; Nexus 5X Build/MMB29P) AppleWebKit/537.36 (KHTML, like Gecko) Chrome/138.0.7204.183 Mobile Safari/537.36 (compatible; Googlebot/2.1; +http://www.google.com/bot.html)"
66.249.65.193 - - [18/Aug/2025:17:14:39 -0400] "GET /wp-content/plugins/elementor-pro/assets/js/loop.4a16d82b8b5e3e00f25e.bundle.min.js HTTP/1.1" 200 3136 "https://verdantagroalliedservices.com/" "Mozilla/5.0 (Linux; Android 6.0.1; Nexus 5X Build/MMB29P) AppleWebKit/537.36 (KHTML, like Gecko) Chrome/138.0.7204.183 Mobile Safari/537.36 (compatible; Googlebot/2.1; +http://www.google.com/bot.html)"
66.249.65.193 - - [18/Aug/2025:17:14:39 -0400] "GET /wp-content/plugins/elementor-pro/assets/js/carousel.3620fca501cb18163600.bundle.min.js HTTP/1.1" 200 1594 "https://verdantagroalliedservices.com/" "Mozilla/5.0 (Linux; Android 6.0.1; Nexus 5X Build/MMB29P) AppleWebKit/537.36 (KHTML, like Gecko) Chrome/138.0.7204.183 Mobile Safari/537.36 (compatible; Googlebot/2.1; +http://www.google.com/bot.html)"
66.249.65.193 - - [18/Aug/2025:17:14:39 -0400] "GET /wp-content/plugins/elementor-pro/assets/js/loop-carousel.f8067ec0c24b628c786e.bundle.min.js HTTP/1.1" 200 617 "https://verdantagroalliedservices.com/" "Mozilla/5.0 (Linux; Android 6.0.1; Nexus 5X Build/MMB29P) AppleWebKit/537.36 (KHTML, like Gecko) Chrome/138.0.7204.183 Mobile Safari/537.36 (compatible; Googlebot/2.1; +http://www.google.com/bot.html)"
66.249.65.193 - - [18/Aug/2025:17:14:40 -0400] "GET /wp-content/plugins/elementor/assets/lib/swiper/v8/swiper.min.js?ver=8.4.5 HTTP/1.1" 200 38152 "https://verdantagroalliedservices.com/" "Mozilla/5.0 (Linux; Android 6.0.1; Nexus 5X Build/MMB29P) AppleWebKit/537.36 (KHTML, like Gecko) Chrome/138.0.7204.183 Mobile Safari/537.36 (compatible; Googlebot/2.1; +http://www.google.com/bot.html)"
66.249.65.193 - - [18/Aug/2025:17:14:40 -0400] "POST /wp-admin/admin-ajax.php HTTP/1.1" 403 1242 "https://verdantagroalliedservices.com/" "Mozilla/5.0 AppleWebKit/537.36 (KHTML, like Gecko; compatible; Googlebot/2.1; +http://www.google.com/bot.html) Chrome/138.0.7204.183 Safari/537.36"
66.249.65.193 - - [18/Aug/2025:17:14:40 -0400] "GET /wp-content/plugins/blocksy-companion-pro/static/bundle/sticky.js?ver=2.1.8 HTTP/1.1" 200 3310 "https://verdantagroalliedservices.com/" "Mozilla/5.0 AppleWebKit/537.36 (KHTML, like Gecko; compatible; Googlebot/2.1; +http://www.google.com/bot.html) Chrome/138.0.7204.183 Safari/537.36"
66.249.65.193 - - [18/Aug/2025:17:14:40 -0400] "GET /wp-content/themes/blocksy/static/bundle/non-critical-styles.min.css?ver=2.1.8 HTTP/1.1" 200 1247 "https://verdantagroalliedservices.com/" "Mozilla/5.0 (Linux; Android 6.0.1; Nexus 5X Build/MMB29P) AppleWebKit/537.36 (KHTML, like Gecko) Chrome/138.0.7204.183 Mobile Safari/537.36 (compatible; Googlebot/2.1; +http://www.google.com/bot.html)"
66.249.65.193 - - [18/Aug/2025:17:14:40 -0400] "GET /wp-content/themes/blocksy/static/bundle/95.05b9d7c35a24141bf517.js HTTP/1.1" 200 1250 "https://verdantagroalliedservices.com/" "Mozilla/5.0 (Linux; Android 6.0.1; Nexus 5X Build/MMB29P) AppleWebKit/537.36 (KHTML, like Gecko) Chrome/138.0.7204.183 Mobile Safari/537.36 (compatible; Googlebot/2.1; +http://www.google.com/bot.html)"
66.249.65.193 - - [18/Aug/2025:17:14:41 -0400] "GET /wp-content/themes/blocksy/static/bundle/non-critical-styles.min.css?ver=2.1.8 HTTP/1.1" 200 1247 "https://verdantagroalliedservices.com/" "Mozilla/5.0 AppleWebKit/537.36 (KHTML, like Gecko; compatible; Googlebot/2.1; +http://www.google.com/bot.html) Chrome/138.0.7204.183 Safari/537.36"
208.110.64.178 - - [18/Aug/2025:17:14:41 -0400] "GET /wp-includes/wp-configs.php HTTP/1.1" 404 10380 "https://verdantagroalliedservices.com/wp-includes/wp-configs.php" "Mozilla/5.0 (Windows NT 10.0; Win64; x64) AppleWebKit/537.36 (KHTML, like Gecko) Chrome/58.0.3029.110 Safari/537.3"
66.249.65.193 - - [18/Aug/2025:17:14:41 -0400] "GET /wp-content/uploads/cropped-Favicon-Verdant-Agro-32x32.webp HTTP/1.1" 200 1114 "-" "Googlebot-Image/1.0"
66.249.65.193 - - [18/Aug/2025:17:14:41 -0400] "GET /wp-content/uploads/cropped-Favicon-Verdant-Agro-192x192.webp HTTP/1.1" 200 4320 "-" "Googlebot-Image/1.0"
66.249.65.193 - - [18/Aug/2025:17:14:42 -0400] "GET /wp-content/uploads/cropped-Favicon-Verdant-Agro-180x180.webp HTTP/1.1" 200 4132 "-" "Googlebot-Image/1.0"
66.249.65.193 - - [18/Aug/2025:17:14:42 -0400] "GET /wp-content/uploads/cropped-Favicon-Verdant-Agro-180x180.webp HTTP/1.1" 200 4132 "-" "Googlebot-Image/1.0"
69.57.162.30 - - [18/Aug/2025:17:19:45 -0400] "POST /wp-cron.php?doing_wp_cron=1755551985.3660070896148681640625 HTTP/1.1" 403 1242 "-" "WordPress/6.8.2; https://verdantagroalliedservices.com"
149.56.150.86 - - [18/Aug/2025:17:19:43 -0400] "GET / HTTP/1.1" 301 0 "-" "Mozilla/5.0 (compatible; Dataprovider.com)"
149.56.150.86 - - [18/Aug/2025:17:19:45 -0400] "GET / HTTP/1.1" 200 127098 "-" "Mozilla/5.0 (compatible; Dataprovider.com)"
149.56.150.86 - - [18/Aug/2025:17:19:47 -0400] "GET /robots.txt HTTP/1.1" 200 475 "-" "Mozilla/5.0 (compatible; Dataprovider.com)"
149.56.150.86 - - [18/Aug/2025:17:19:48 -0400] "GET / HTTP/1.1" 200 127098 "-" "Mozilla/5.0 (compatible; Dataprovider.com)"
149.56.150.86 - - [18/Aug/2025:17:19:49 -0400] "GET /?sitemapindex.xml HTTP/1.1" 301 0 "-" "Mozilla/5.0 (compatible; Dataprovider.com)"
149.56.150.86 - - [18/Aug/2025:17:19:49 -0400] "GET /?sitemapindex_xml HTTP/1.1" 200 127022 "https://verdantagroalliedservices.com/?sitemapindex.xml" "Mozilla/5.0 (compatible; Dataprovider.com)"
149.56.150.86 - - [18/Aug/2025:17:19:50 -0400] "GET /contact-us/ HTTP/1.1" 200 67573 "-" "Mozilla/5.0 (compatible; Dataprovider.com)"
149.56.150.86 - - [18/Aug/2025:17:19:51 -0400] "GET /terms-and-conditions/ HTTP/1.1" 200 48603 "-" "Mozilla/5.0 (compatible; Dataprovider.com)"
149.56.150.86 - - [18/Aug/2025:17:19:52 -0400] "GET /privacy-policy/ HTTP/1.1" 200 53625 "-" "Mozilla/5.0 (compatible; Dataprovider.com)"
149.56.150.86 - - [18/Aug/2025:17:19:53 -0400] "GET /about-us/ HTTP/1.1" 200 70869 "-" "Mozilla/5.0 (compatible; Dataprovider.com)"
149.56.150.86 - - [18/Aug/2025:17:19:54 -0400] "GET /agricultural-services/ HTTP/1.1" 200 81365 "-" "Mozilla/5.0 (compatible; Dataprovider.com)"
149.56.150.86 - - [18/Aug/2025:17:19:55 -0400] "GET /request-a-service/ HTTP/1.1" 200 67472 "-" "Mozilla/5.0 (compatible; Dataprovider.com)"
149.56.150.86 - - [18/Aug/2025:17:19:56 -0400] "GET /media/ HTTP/1.1" 200 58017 "-" "Mozilla/5.0 (compatible; Dataprovider.com)"
149.56.150.86 - - [18/Aug/2025:17:19:57 -0400] "GET /buy-produce/ HTTP/1.1" 200 73439 "-" "Mozilla/5.0 (compatible; Dataprovider.com)"
149.56.150.86 - - [18/Aug/2025:17:19:58 -0400] "GET /market-access/ HTTP/1.1" 200 79549 "-" "Mozilla/5.0 (compatible; Dataprovider.com)"
149.56.150.86 - - [18/Aug/2025:17:19:59 -0400] "GET /security.txt HTTP/1.1" 404 47322 "-" "Mozilla/5.0 (compatible; Dataprovider.com)"
149.56.150.86 - - [18/Aug/2025:17:19:59 -0400] "GET /.well-known/security.txt HTTP/1.1" 404 47322 "-" "Mozilla/5.0 (compatible; Dataprovider.com)"
149.56.150.86 - - [18/Aug/2025:17:20:00 -0400] "GET /ads.txt HTTP/1.1" 404 47322 "-" "Mozilla/5.0 (compatible; Dataprovider.com)"
149.56.150.86 - - [18/Aug/2025:17:20:01 -0400] "GET / HTTP/1.1" 200 127098 "-" "Mozilla/5.0 (Linux; Android 10; SM-G981B) AppleWebKit/537.36 (KHTML, like Gecko) Chrome/80.0.3987.162 Mobile Safari/537.36"
149.56.150.86 - - [18/Aug/2025:17:20:02 -0400] "GET /llms.txt HTTP/1.1" 404 47322 "-" "Mozilla/5.0 (compatible; Dataprovider.com)"
149.56.150.86 - - [18/Aug/2025:17:20:02 -0400] "GET /humans.txt HTTP/1.1" 404 47322 "-" "Mozilla/5.0 (compatible; Dataprovider.com)"
69.57.162.30 - - [18/Aug/2025:17:25:31 -0400] "POST /wp-cron.php?doing_wp_cron=1755552331.8651609420776367187500 HTTP/1.1" 403 1242 "-" "WordPress/6.8.2; https://verdantagroalliedservices.com"
149.56.150.143 - - [18/Aug/2025:17:25:29 -0400] "GET / HTTP/1.1" 301 0 "-" "Mozilla/5.0 (compatible; Dataprovider.com)"
149.56.150.143 - - [18/Aug/2025:17:25:32 -0400] "GET / HTTP/1.1" 200 18843 "-" "Mozilla/5.0 (compatible; Dataprovider.com)"
149.56.150.143 - - [18/Aug/2025:17:25:33 -0400] "GET /wp-content/themes/blocksy/static/bundle/main.min.css?ver=2.1.8 HTTP/1.1" 200 17530 "https://verdantagroalliedservices.com/" "Mozilla/5.0 (compatible; Dataprovider.com)"
149.56.150.143 - - [18/Aug/2025:17:25:33 -0400] "GET /wp-content/themes/blocksy/static/bundle/elementor-frontend.min.css?ver=2.1.8 HTTP/1.1" 200 308 "https://verdantagroalliedservices.com/" "Mozilla/5.0 (compatible; Dataprovider.com)"
149.56.150.143 - - [18/Aug/2025:17:25:33 -0400] "GET /wp-content/uploads/blocksy/css/global.css?ver=59056 HTTP/1.1" 200 3745 "https://verdantagroalliedservices.com/" "Mozilla/5.0 (compatible; Dataprovider.com)"
149.56.150.143 - - [18/Aug/2025:17:25:33 -0400] "GET /wp-content/plugins/elementor-pro/assets/css/conditionals/popup.min.css?ver=3.25.3 HTTP/1.1" 200 322 "https://verdantagroalliedservices.com/" "Mozilla/5.0 (compatible; Dataprovider.com)"
149.56.150.143 - - [18/Aug/2025:17:25:33 -0400] "GET /wp-content/plugins/elementor/assets/css/conditionals/e-swiper.min.css?ver=3.31.2 HTTP/1.1" 200 699 "https://verdantagroalliedservices.com/" "Mozilla/5.0 (compatible; Dataprovider.com)"
149.56.150.143 - - [18/Aug/2025:17:25:33 -0400] "GET /wp-content/plugins/elementor/assets/css/frontend.min.css?ver=3.31.2 HTTP/1.1" 200 6525 "https://verdantagroalliedservices.com/" "Mozilla/5.0 (compatible; Dataprovider.com)"
149.56.150.143 - - [18/Aug/2025:17:25:33 -0400] "GET /wp-content/plugins/elementor/assets/css/widget-text-editor.min.css?ver=3.31.2 HTTP/1.1" 200 208 "https://verdantagroalliedservices.com/" "Mozilla/5.0 (compatible; Dataprovider.com)"
149.56.150.143 - - [18/Aug/2025:17:25:33 -0400] "GET /wp-content/uploads/elementor/css/post-7.css?ver=1734744558 HTTP/1.1" 200 712 "https://verdantagroalliedservices.com/" "Mozilla/5.0 (compatible; Dataprovider.com)"
149.56.150.143 - - [18/Aug/2025:17:25:33 -0400] "GET /wp-content/plugins/elementor/assets/css/widget-heading.min.css?ver=3.31.2 HTTP/1.1" 200 154 "https://verdantagroalliedservices.com/" "Mozilla/5.0 (compatible; Dataprovider.com)"
149.56.150.143 - - [18/Aug/2025:17:25:33 -0400] "GET /wp-content/plugins/elementor/assets/lib/swiper/v8/css/swiper.min.css?ver=8.4.5 HTTP/1.1" 200 4248 "https://verdantagroalliedservices.com/" "Mozilla/5.0 (compatible; Dataprovider.com)"
149.56.150.143 - - [18/Aug/2025:17:25:33 -0400] "GET /wp-content/plugins/elementor-pro/assets/css/widget-loop-builder.min.css?ver=3.25.3 HTTP/1.1" 200 2273 "https://verdantagroalliedservices.com/" "Mozilla/5.0 (compatible; Dataprovider.com)"
149.56.150.143 - - [18/Aug/2025:17:25:33 -0400] "GET /wp-content/plugins/elementor/assets/css/widget-icon-list.min.css?ver=3.31.2 HTTP/1.1" 200 961 "https://verdantagroalliedservices.com/" "Mozilla/5.0 (compatible; Dataprovider.com)"
149.56.150.143 - - [18/Aug/2025:17:25:33 -0400] "GET /wp-content/uploads/elementor/css/post-8.css?ver=1734744559 HTTP/1.1" 200 2931 "https://verdantagroalliedservices.com/" "Mozilla/5.0 (compatible; Dataprovider.com)"
149.56.150.143 - - [18/Aug/2025:17:25:33 -0400] "GET /wp-content/plugins/elementor/assets/css/widget-image.min.css?ver=3.31.2 HTTP/1.1" 200 254 "https://verdantagroalliedservices.com/" "Mozilla/5.0 (compatible; Dataprovider.com)"
149.56.150.143 - - [18/Aug/2025:17:25:33 -0400] "GET /wp-content/plugins/elementor-pro/assets/css/widget-testimonial-carousel.min.css?ver=3.25.3 HTTP/1.1" 200 1396 "https://verdantagroalliedservices.com/" "Mozilla/5.0 (compatible; Dataprovider.com)"
149.56.150.143 - - [18/Aug/2025:17:25:33 -0400] "GET /wp-content/plugins/elementor-pro/assets/css/widget-carousel-module-base.min.css?ver=3.25.3 HTTP/1.1" 200 585 "https://verdantagroalliedservices.com/" "Mozilla/5.0 (compatible; Dataprovider.com)"
149.56.150.143 - - [18/Aug/2025:17:25:33 -0400] "GET /wp-content/uploads/pexels-zen-chung-5529604-2048x1365.webp HTTP/1.1" 200 413028 "https://verdantagroalliedservices.com/" "Mozilla/5.0 (compatible; Dataprovider.com)"
149.56.150.143 - - [18/Aug/2025:17:25:34 -0400] "GET /wp-content/themes/blocksy/static/bundle/main.js?ver=2.1.8 HTTP/1.1" 200 9433 "https://verdantagroalliedservices.com/" "Mozilla/5.0 (compatible; Dataprovider.com)"
149.56.150.143 - - [18/Aug/2025:17:25:34 -0400] "GET /wp-includes/js/jquery/jquery.min.js?ver=3.7.1 HTTP/1.1" 200 29744 "https://verdantagroalliedservices.com/" "Mozilla/5.0 (compatible; Dataprovider.com)"
149.56.150.143 - - [18/Aug/2025:17:25:34 -0400] "GET /wp-content/plugins/elementor/assets/js/webpack.runtime.min.js?ver=3.31.2 HTTP/1.1" 200 2320 "https://verdantagroalliedservices.com/" "Mozilla/5.0 (compatible; Dataprovider.com)"
149.56.150.143 - - [18/Aug/2025:17:25:34 -0400] "GET /wp-includes/js/jquery/jquery-migrate.min.js?ver=3.4.1 HTTP/1.1" 200 4678 "https://verdantagroalliedservices.com/" "Mozilla/5.0 (compatible; Dataprovider.com)"
149.56.150.143 - - [18/Aug/2025:17:25:34 -0400] "GET /wp-includes/js/jquery/ui/core.min.js?ver=1.13.3 HTTP/1.1" 200 6812 "https://verdantagroalliedservices.com/" "Mozilla/5.0 (compatible; Dataprovider.com)"
149.56.150.143 - - [18/Aug/2025:17:25:34 -0400] "GET /wp-content/plugins/elementor/assets/js/frontend-modules.min.js?ver=3.31.2 HTTP/1.1" 200 14925 "https://verdantagroalliedservices.com/" "Mozilla/5.0 (compatible; Dataprovider.com)"
149.56.150.143 - - [18/Aug/2025:17:25:34 -0400] "GET /wp-includes/js/dist/i18n.min.js?ver=5e580eb46a90c2b997e6 HTTP/1.1" 200 3542 "https://verdantagroalliedservices.com/" "Mozilla/5.0 (compatible; Dataprovider.com)"
149.56.150.143 - - [18/Aug/2025:17:25:34 -0400] "GET /wp-content/plugins/elementor-pro/assets/js/elements-handlers.min.js?ver=3.25.3 HTTP/1.1" 200 9746 "https://verdantagroalliedservices.com/" "Mozilla/5.0 (compatible; Dataprovider.com)"
149.56.150.143 - - [18/Aug/2025:17:25:34 -0400] "GET /wp-content/plugins/blocksy-companion-pro/framework/extensions/cookies-consent/static/bundle/main.js?ver=2.0.73 HTTP/1.1" 200 2204 "https://verdantagroalliedservices.com/" "Mozilla/5.0 (compatible; Dataprovider.com)"
149.56.150.143 - - [18/Aug/2025:17:25:34 -0400] "GET /wp-content/plugins/elementor-pro/assets/js/webpack-pro.runtime.min.js?ver=3.25.3 HTTP/1.1" 200 2628 "https://verdantagroalliedservices.com/" "Mozilla/5.0 (compatible; Dataprovider.com)"
149.56.150.143 - - [18/Aug/2025:17:25:34 -0400] "GET /wp-includes/js/dist/hooks.min.js?ver=4d63a3d491d11ffd8ac6 HTTP/1.1" 200 1571 "https://verdantagroalliedservices.com/" "Mozilla/5.0 (compatible; Dataprovider.com)"
149.56.150.143 - - [18/Aug/2025:17:25:34 -0400] "GET /wp-content/uploads/Logo-Verdant-Agro-Horizontal.webp HTTP/1.1" 200 22408 "https://verdantagroalliedservices.com/" "Mozilla/5.0 (compatible; Dataprovider.com)"
149.56.150.143 - - [18/Aug/2025:17:25:34 -0400] "GET /wp-content/plugins/elementor-pro/assets/js/frontend.min.js?ver=3.25.3 HTTP/1.1" 200 6446 "https://verdantagroalliedservices.com/" "Mozilla/5.0 (compatible; Dataprovider.com)"
149.56.150.143 - - [18/Aug/2025:17:25:34 -0400] "GET /wp-includes/js/imagesloaded.min.js?ver=5.0.0 HTTP/1.1" 200 1687 "https://verdantagroalliedservices.com/" "Mozilla/5.0 (compatible; Dataprovider.com)"
149.56.150.143 - - [18/Aug/2025:17:25:34 -0400] "GET /wp-content/plugins/elementor/assets/js/frontend.min.js?ver=3.31.2 HTTP/1.1" 200 10403 "https://verdantagroalliedservices.com/" "Mozilla/5.0 (compatible; Dataprovider.com)"
149.56.150.143 - - [18/Aug/2025:17:25:34 -0400] "GET /wp-content/uploads/blocksy/local-google-fonts/s/inter/v12/UcC73FwrK3iLTeHuS_fvQtMwCp50KnMa1ZL7W0Q5nw.woff2 HTTP/1.1" 200 37780 "https://verdantagroalliedservices.com/wp-content/uploads/blocksy/css/global.css?ver=59056" "Mozilla/5.0 (compatible; Dataprovider.com)"
149.56.150.143 - - [18/Aug/2025:17:25:34 -0400] "GET /wp-content/uploads/blocksy/local-google-fonts/s/raleway/v28/1Ptug8zYS_SKggPNyC0IT4ttDfA.woff2 HTTP/1.1" 200 41852 "https://verdantagroalliedservices.com/wp-content/uploads/blocksy/css/global.css?ver=59056" "Mozilla/5.0 (compatible; Dataprovider.com)"
149.56.150.143 - - [18/Aug/2025:17:25:34 -0400] "GET /wp-content/uploads/pexels-bruno-scramgnon-938699-1-scaled.webp HTTP/1.1" 200 216762 "https://verdantagroalliedservices.com/" "Mozilla/5.0 (compatible; Dataprovider.com)"
