X7ROOT File Manager
Current Path:
/usr/local/apache/domlogs/remnbtxp
usr
/
local
/
apache
/
domlogs
/
remnbtxp
/
📁
..
📄
remnantlovechurch.com
(740.5 KB)
📄
remnantlovechurch.com-ssl_log
(546.36 KB)
📄
verdantagroalliedservices.com.remnantlovechurch.com
(10.71 KB)
📄
verdantagroalliedservices.com.remnantlovechurch.com-ssl_log
(238.35 KB)
Editing: verdantagroalliedservices.com.remnantlovechurch.com-ssl_log
208.110.64.178 - - [18/Aug/2025:08:19:59 -0400] "GET /wp-includes/wp-configs.php HTTP/1.1" 200 0 "https://verdantagroalliedservices.com/wp-includes/wp-configs.php" "Mozilla/5.0 (Windows NT 10.0; Win64; x64) AppleWebKit/537.36 (KHTML, like Gecko) Chrome/58.0.3029.110 Safari/537.3"
208.110.64.178 - - [18/Aug/2025:08:20:01 -0400] "GET /wp-includes/wp-configs.php HTTP/1.1" 200 0 "https://verdantagroalliedservices.com/wp-includes/wp-configs.php" "Mozilla/5.0 (Windows NT 10.0; Win64; x64) AppleWebKit/537.36 (KHTML, like Gecko) Chrome/58.0.3029.110 Safari/537.3"
69.57.162.30 - - [18/Aug/2025:08:20:05 -0400] "POST /wp-cron.php?doing_wp_cron=1755519605.1589701175689697265625 HTTP/1.1" 403 1242 "-" "WordPress/6.8.2; https://verdantagroalliedservices.com"
69.57.162.30 - - [18/Aug/2025:08:20:05 -0400] "POST /wp-cron.php?doing_wp_cron=1755519605.1559059619903564453125 HTTP/1.1" 403 1242 "-" "WordPress/6.8.2; https://verdantagroalliedservices.com"
69.57.162.30 - - [18/Aug/2025:08:21:14 -0400] "POST /wp-cron.php?doing_wp_cron=1755519674.5165750980377197265625 HTTP/1.1" 403 1242 "-" "WordPress/6.8.2; https://verdantagroalliedservices.com"
194.31.72.75 - - [18/Aug/2025:08:21:14 -0400] "GET / HTTP/1.1" 200 18842 "-" "Mozilla/4.0 (compatible; MSIE 6.0; Windows NT 5.1; SV1)"
69.57.162.30 - - [18/Aug/2025:08:33:16 -0400] "POST /wp-cron.php?doing_wp_cron=1755520396.6653850078582763671875 HTTP/1.1" 403 1242 "-" "WordPress/6.8.2; https://verdantagroalliedservices.com"
43.166.244.192 - - [18/Aug/2025:08:33:14 -0400] "GET / HTTP/1.1" 200 22334 "http://verdantagroalliedservices.com" "Mozilla/5.0 (iPhone; CPU iPhone OS 13_2_3 like Mac OS X) AppleWebKit/605.1.15 (KHTML, like Gecko) Version/13.0.3 Mobile/15E148 Safari/604.1"
69.57.162.30 - - [18/Aug/2025:08:42:02 -0400] "POST /wp-cron.php?doing_wp_cron=1755520922.5271530151367187500000 HTTP/1.1" 403 1242 "-" "WordPress/6.8.2; https://verdantagroalliedservices.com"
185.247.137.188 - - [18/Aug/2025:08:42:00 -0400] "GET / HTTP/1.1" 200 22333 "-" "Mozilla/5.0 (compatible; InternetMeasurement/1.0; +https://internet-measurement.com/)"
185.247.137.83 - - [18/Aug/2025:08:42:34 -0400] "GET /wp-content/uploads/cropped-Favicon-Verdant-Agro-270x270.webp HTTP/1.1" 200 6044 "-" "Mozilla/5.0 (compatible; InternetMeasurement/1.0; +https://internet-measurement.com/)"
87.236.176.120 - - [18/Aug/2025:08:42:34 -0400] "GET /wp-content/uploads/cropped-Favicon-Verdant-Agro-192x192.webp HTTP/1.1" 200 4320 "-" "Mozilla/5.0 (compatible; InternetMeasurement/1.0; +https://internet-measurement.com/)"
185.247.137.2 - - [18/Aug/2025:08:42:34 -0400] "GET /wp-content/uploads/cropped-Favicon-Verdant-Agro-180x180.webp HTTP/1.1" 200 4132 "-" "Mozilla/5.0 (compatible; InternetMeasurement/1.0; +https://internet-measurement.com/)"
185.247.137.193 - - [18/Aug/2025:08:42:34 -0400] "GET /wp-content/uploads/cropped-Favicon-Verdant-Agro-32x32.webp HTTP/1.1" 200 1114 "-" "Mozilla/5.0 (compatible; InternetMeasurement/1.0; +https://internet-measurement.com/)"
89.248.172.183 - - [18/Aug/2025:08:44:45 -0400] "POST /wp-json/litespeed/v1/cdn_status HTTP/1.1" 403 1242 "-" "Mozilla/5.0 (X11; Linux x86_64; rv:109.0) Gecko/20100101 Firefox/114.3"
208.110.64.178 - - [18/Aug/2025:08:48:38 -0400] "GET /wp-includes/wp-configs.php HTTP/1.1" 200 0 "https://verdantagroalliedservices.com/wp-includes/wp-configs.php" "Mozilla/5.0 (Windows NT 10.0; Win64; x64) AppleWebKit/537.36 (KHTML, like Gecko) Chrome/58.0.3029.110 Safari/537.3"
69.57.162.30 - - [18/Aug/2025:08:48:40 -0400] "POST /wp-cron.php?doing_wp_cron=1755521320.4368851184844970703125 HTTP/1.1" 403 1242 "-" "WordPress/6.8.2; https://verdantagroalliedservices.com"
208.110.64.178 - - [18/Aug/2025:08:48:40 -0400] "GET /wp-includes/wp-configs.php HTTP/1.1" 404 10380 "https://verdantagroalliedservices.com/wp-includes/wp-configs.php" "Mozilla/5.0 (Windows NT 10.0; Win64; x64) AppleWebKit/537.36 (KHTML, like Gecko) Chrome/58.0.3029.110 Safari/537.3"
66.249.65.193 - - [18/Aug/2025:08:49:14 -0400] "GET /pages.php?sitemap593.xml HTTP/1.1" 404 10379 "-" "Mozilla/5.0 (compatible; Googlebot/2.1; +http://www.google.com/bot.html)"
208.110.64.178 - - [18/Aug/2025:08:59:04 -0400] "GET /wp-includes/wp-configs.php HTTP/1.1" 200 0 "https://verdantagroalliedservices.com/wp-includes/wp-configs.php" "Mozilla/5.0 (Windows NT 10.0; Win64; x64) AppleWebKit/537.36 (KHTML, like Gecko) Chrome/58.0.3029.110 Safari/537.3"
69.57.162.30 - - [18/Aug/2025:08:59:06 -0400] "POST /wp-cron.php?doing_wp_cron=1755521946.3316900730133056640625 HTTP/1.1" 403 1242 "-" "WordPress/6.8.2; https://verdantagroalliedservices.com"
69.57.162.30 - - [18/Aug/2025:08:59:06 -0400] "POST /wp-cron.php?doing_wp_cron=1755521946.4523279666900634765625 HTTP/1.1" 403 1242 "-" "WordPress/6.8.2; https://verdantagroalliedservices.com"
208.110.64.178 - - [18/Aug/2025:08:59:06 -0400] "GET /wp-includes/wp-configs.php HTTP/1.1" 404 10380 "https://verdantagroalliedservices.com/wp-includes/wp-configs.php" "Mozilla/5.0 (Windows NT 10.0; Win64; x64) AppleWebKit/537.36 (KHTML, like Gecko) Chrome/58.0.3029.110 Safari/537.3"
18.119.141.6 - - [18/Aug/2025:09:06:13 -0400] "GET /robots.txt HTTP/1.1" 200 145 "https://verdantagroalliedservices.com/robots.txt" "Mozilla/5.0 (Windows NT 10.0; Win64; x64) AppleWebKit/537.36 (KHTML, like Gecko) Chrome/120.0.0.0 Safari/537.3"
18.119.141.6 - - [18/Aug/2025:09:06:13 -0400] "GET /robots.txt HTTP/1.1" 200 145 "https://www.verdantagroalliedservices.com/robots.txt" "Mozilla/5.0 (Windows NT 10.0; Win64; x64) AppleWebKit/537.36 (KHTML, like Gecko) Chrome/120.0.0.0 Safari/537.3"
18.119.141.6 - - [18/Aug/2025:09:06:13 -0400] "GET /robots.txt HTTP/1.1" 200 145 "https://verdantagroalliedservices.com/robots.txt" "Mozilla/5.0 (Windows NT 10.0; Win64; x64) AppleWebKit/537.36 (KHTML, like Gecko) Chrome/120.0.0.0 Safari/537.3"
18.119.141.6 - - [18/Aug/2025:09:06:14 -0400] "GET /robots.txt HTTP/1.1" 200 145 "https://www.verdantagroalliedservices.com/robots.txt" "Mozilla/5.0 (Windows NT 10.0; Win64; x64) AppleWebKit/537.36 (KHTML, like Gecko) Chrome/120.0.0.0 Safari/537.3"
69.57.162.30 - - [18/Aug/2025:09:06:16 -0400] "POST /wp-cron.php?doing_wp_cron=1755522376.5522389411926269531250 HTTP/1.1" 403 1242 "-" "WordPress/6.8.2; https://verdantagroalliedservices.com"
18.119.141.6 - - [18/Aug/2025:09:06:14 -0400] "GET / HTTP/1.1" 301 0 "https://www.verdantagroalliedservices.com" "Mozilla/5.0 (Windows NT 10.0; Win64; x64) AppleWebKit/537.36 (KHTML, like Gecko) Chrome/120.0.0.0 Safari/537.3"
18.119.141.6 - - [18/Aug/2025:09:06:16 -0400] "GET / HTTP/1.1" 200 22333 "https://verdantagroalliedservices.com/" "Mozilla/5.0 (Windows NT 10.0; Win64; x64) AppleWebKit/537.36 (KHTML, like Gecko) Chrome/120.0.0.0 Safari/537.3"
18.119.141.6 - - [18/Aug/2025:09:06:18 -0400] "GET / HTTP/1.1" 301 0 "https://www.verdantagroalliedservices.com/#main" "Mozilla/5.0 (Windows NT 10.0; Win64; x64) AppleWebKit/537.36 (KHTML, like Gecko) Chrome/120.0.0.0 Safari/537.3"
18.119.141.6 - - [18/Aug/2025:09:06:18 -0400] "GET / HTTP/1.1" 200 22334 "https://verdantagroalliedservices.com" "Mozilla/5.0 (Windows NT 10.0; Win64; x64) AppleWebKit/537.36 (KHTML, like Gecko) Chrome/120.0.0.0 Safari/537.3"
18.119.141.6 - - [18/Aug/2025:09:06:18 -0400] "GET / HTTP/1.1" 200 22334 "https://verdantagroalliedservices.com/" "Mozilla/5.0 (Windows NT 10.0; Win64; x64) AppleWebKit/537.36 (KHTML, like Gecko) Chrome/120.0.0.0 Safari/537.3"
18.119.141.6 - - [18/Aug/2025:09:06:19 -0400] "GET /privacy-policy/ HTTP/1.1" 200 13204 "https://verdantagroalliedservices.com/privacy-policy/" "Mozilla/5.0 (Windows NT 10.0; Win64; x64) AppleWebKit/537.36 (KHTML, like Gecko) Chrome/120.0.0.0 Safari/537.3"
18.119.141.6 - - [18/Aug/2025:09:06:19 -0400] "GET /contact-us/ HTTP/1.1" 200 17204 "https://verdantagroalliedservices.com/contact-us/" "Mozilla/5.0 (Windows NT 10.0; Win64; x64) AppleWebKit/537.36 (KHTML, like Gecko) Chrome/120.0.0.0 Safari/537.3"
18.119.141.6 - - [18/Aug/2025:09:06:19 -0400] "GET /about-us/ HTTP/1.1" 200 15961 "https://verdantagroalliedservices.com/about-us/" "Mozilla/5.0 (Windows NT 10.0; Win64; x64) AppleWebKit/537.36 (KHTML, like Gecko) Chrome/120.0.0.0 Safari/537.3"
69.57.162.30 - - [18/Aug/2025:09:11:36 -0400] "POST /wp-cron.php?doing_wp_cron=1755522696.5007669925689697265625 HTTP/1.1" 403 1242 "-" "WordPress/6.8.2; https://verdantagroalliedservices.com"
196.251.80.88 - - [18/Aug/2025:09:11:34 -0400] "GET /bu4.php HTTP/1.1" 404 11552 "-" "Mozilla/5.0 (Windows NT 10.0; Win64; x64) AppleWebKit/537.36 (KHTML, like Gecko) Chrome/91.0.4472.124 Safari/537.36"
196.251.80.88 - - [18/Aug/2025:09:11:37 -0400] "GET /bu5.php HTTP/1.1" 404 11552 "-" "Mozilla/5.0 (Macintosh; Intel Mac OS X 10_15_7) AppleWebKit/537.36 (KHTML, like Gecko) Chrome/91.0.4472.124 Safari/537.36"
196.251.80.88 - - [18/Aug/2025:09:11:38 -0400] "GET /blurbs.php HTTP/1.1" 404 11558 "-" "Mozilla/5.0 (Windows NT 10.0; Win64; x64) AppleWebKit/537.36 (KHTML, like Gecko) Chrome/91.0.4472.124 Safari/537.36"
89.248.172.183 - - [18/Aug/2025:09:11:41 -0400] "POST /wp-json/litespeed/v1/cdn_status HTTP/1.1" 403 1242 "-" "Mozilla/5.0 (X11; Linux x86_64; rv:109.0) Gecko/20100101 Firefox/114.3"
204.12.252.98 - - [18/Aug/2025:09:13:35 -0400] "GET /wp-includes/wp-configs.php HTTP/1.1" 200 0 "https://verdantagroalliedservices.com/wp-includes/wp-configs.php" "Mozilla/5.0 (Windows NT 10.0; Win64; x64) AppleWebKit/537.36 (KHTML, like Gecko) Chrome/58.0.3029.110 Safari/537.3"
69.57.162.30 - - [18/Aug/2025:09:13:37 -0400] "POST /wp-cron.php?doing_wp_cron=1755522817.8874320983886718750000 HTTP/1.1" 403 1242 "-" "WordPress/6.8.2; https://verdantagroalliedservices.com"
204.12.252.98 - - [18/Aug/2025:09:13:37 -0400] "GET /wp-includes/wp-configs.php HTTP/1.1" 404 10380 "https://verdantagroalliedservices.com/wp-includes/wp-configs.php" "Mozilla/5.0 (Windows NT 10.0; Win64; x64) AppleWebKit/537.36 (KHTML, like Gecko) Chrome/58.0.3029.110 Safari/537.3"
209.38.105.228 - - [18/Aug/2025:09:21:34 -0400] "GET / HTTP/1.1" 200 0 "-" "Mozilla/5.0 (X11; Linux x86_64) AppleWebKit/537.36 (KHTML, like Gecko) Chrome/139.0.0.0 Safari/537.36"
69.57.162.30 - - [18/Aug/2025:09:21:41 -0400] "POST /wp-cron.php?doing_wp_cron=1755523301.7660698890686035156250 HTTP/1.1" 403 1242 "-" "WordPress/6.8.2; https://verdantagroalliedservices.com"
69.57.162.30 - - [18/Aug/2025:09:27:22 -0400] "POST /wp-cron.php?doing_wp_cron=1755523642.8273820877075195312500 HTTP/1.1" 403 1242 "-" "WordPress/6.8.2; https://verdantagroalliedservices.com"
101.42.117.179 - - [18/Aug/2025:09:27:20 -0400] "GET / HTTP/1.1" 301 0 "http://www.verdantagroalliedservices.com" "Mozilla/5.0 (iPhone; CPU iPhone OS 13_2_3 like Mac OS X) AppleWebKit/605.1.15 (KHTML, like Gecko) Version/13.0.3 Mobile/15E148 Safari/604.1"
101.42.117.179 - - [18/Aug/2025:09:27:29 -0400] "GET / HTTP/1.1" 200 22333 "https://www.verdantagroalliedservices.com/" "Mozilla/5.0 (iPhone; CPU iPhone OS 13_2_3 like Mac OS X) AppleWebKit/605.1.15 (KHTML, like Gecko) Version/13.0.3 Mobile/15E148 Safari/604.1"
69.57.162.30 - - [18/Aug/2025:09:28:32 -0400] "POST /wp-cron.php?doing_wp_cron=1755523712.7102949619293212890625 HTTP/1.1" 403 1242 "-" "WordPress/6.8.2; https://verdantagroalliedservices.com"
208.110.64.178 - - [18/Aug/2025:09:28:32 -0400] "GET /wp-includes/wp-configs.php HTTP/1.1" 404 10379 "https://verdantagroalliedservices.com/wp-includes/wp-configs.php" "Mozilla/5.0 (Windows NT 10.0; Win64; x64) AppleWebKit/537.36 (KHTML, like Gecko) Chrome/58.0.3029.110 Safari/537.3"
204.12.252.98 - - [18/Aug/2025:09:33:41 -0400] "GET /wp-includes/wp-configs.php HTTP/1.1" 200 0 "https://verdantagroalliedservices.com/wp-includes/wp-configs.php" "Mozilla/5.0 (Windows NT 10.0; Win64; x64) AppleWebKit/537.36 (KHTML, like Gecko) Chrome/58.0.3029.110 Safari/537.3"
69.57.162.30 - - [18/Aug/2025:09:33:43 -0400] "POST /wp-cron.php?doing_wp_cron=1755524023.6950409412384033203125 HTTP/1.1" 403 1242 "-" "WordPress/6.8.2; https://verdantagroalliedservices.com"
69.57.162.30 - - [18/Aug/2025:09:33:43 -0400] "POST /wp-cron.php?doing_wp_cron=1755524023.6950080394744873046875 HTTP/1.1" 403 1242 "-" "WordPress/6.8.2; https://verdantagroalliedservices.com"
52.167.144.185 - - [18/Aug/2025:09:33:41 -0400] "GET /pages.php?sitemap593.xml HTTP/1.1" 404 10379 "-" "Mozilla/5.0 AppleWebKit/537.36 (KHTML, like Gecko; compatible; bingbot/2.0; +http://www.bing.com/bingbot.htm) Chrome/116.0.1938.76 Safari/537.36"
69.57.162.30 - - [18/Aug/2025:09:33:44 -0400] "POST /wp-cron.php?doing_wp_cron=1755524023.9884159564971923828125 HTTP/1.1" 403 1242 "-" "WordPress/6.8.2; https://verdantagroalliedservices.com"
204.12.252.98 - - [18/Aug/2025:09:33:43 -0400] "GET /wp-includes/wp-configs.php HTTP/1.1" 404 10380 "https://verdantagroalliedservices.com/wp-includes/wp-configs.php" "Mozilla/5.0 (Windows NT 10.0; Win64; x64) AppleWebKit/537.36 (KHTML, like Gecko) Chrome/58.0.3029.110 Safari/537.3"
52.167.144.146 - - [18/Aug/2025:09:33:45 -0400] "GET /?sitemap444.xml HTTP/1.1" 301 0 "-" "Mozilla/5.0 AppleWebKit/537.36 (KHTML, like Gecko; compatible; bingbot/2.0; +http://www.bing.com/bingbot.htm) Chrome/116.0.1938.76 Safari/537.36"
40.77.167.61 - - [18/Aug/2025:09:33:45 -0400] "GET /?sitemap875.xml HTTP/1.1" 301 0 "-" "Mozilla/5.0 AppleWebKit/537.36 (KHTML, like Gecko; compatible; bingbot/2.0; +http://www.bing.com/bingbot.htm) Chrome/116.0.1938.76 Safari/537.36"
52.167.144.146 - - [18/Aug/2025:09:33:45 -0400] "GET /?sitemap444_xml HTTP/1.1" 200 18878 "-" "Mozilla/5.0 AppleWebKit/537.36 (KHTML, like Gecko; compatible; bingbot/2.0; +http://www.bing.com/bingbot.htm) Chrome/116.0.1938.76 Safari/537.36"
52.167.144.146 - - [18/Aug/2025:09:33:47 -0400] "GET /?sitemap468.xml HTTP/1.1" 301 0 "-" "Mozilla/5.0 AppleWebKit/537.36 (KHTML, like Gecko; compatible; bingbot/2.0; +http://www.bing.com/bingbot.htm) Chrome/116.0.1938.76 Safari/537.36"
52.167.144.146 - - [18/Aug/2025:09:33:48 -0400] "GET /?sitemap468_xml HTTP/1.1" 200 18878 "-" "Mozilla/5.0 AppleWebKit/537.36 (KHTML, like Gecko; compatible; bingbot/2.0; +http://www.bing.com/bingbot.htm) Chrome/116.0.1938.76 Safari/537.36"
52.167.144.146 - - [18/Aug/2025:09:33:49 -0400] "GET /?sitemapindex.xml HTTP/1.1" 301 0 "-" "Mozilla/5.0 AppleWebKit/537.36 (KHTML, like Gecko; compatible; bingbot/2.0; +http://www.bing.com/bingbot.htm) Chrome/116.0.1938.76 Safari/537.36"
52.167.144.146 - - [18/Aug/2025:09:33:55 -0400] "GET /?sitemapindex_xml HTTP/1.1" 200 18878 "-" "Mozilla/5.0 AppleWebKit/537.36 (KHTML, like Gecko; compatible; bingbot/2.0; +http://www.bing.com/bingbot.htm) Chrome/116.0.1938.76 Safari/537.36"
52.167.144.146 - - [18/Aug/2025:09:33:56 -0400] "GET /?sitemap855.xml HTTP/1.1" 301 0 "-" "Mozilla/5.0 AppleWebKit/537.36 (KHTML, like Gecko; compatible; bingbot/2.0; +http://www.bing.com/bingbot.htm) Chrome/116.0.1938.76 Safari/537.36"
52.167.144.146 - - [18/Aug/2025:09:33:57 -0400] "GET /?sitemap855_xml HTTP/1.1" 200 18878 "-" "Mozilla/5.0 AppleWebKit/537.36 (KHTML, like Gecko; compatible; bingbot/2.0; +http://www.bing.com/bingbot.htm) Chrome/116.0.1938.76 Safari/537.36"
52.167.144.146 - - [18/Aug/2025:09:33:57 -0400] "GET /?sitemap748.xml HTTP/1.1" 301 0 "-" "Mozilla/5.0 AppleWebKit/537.36 (KHTML, like Gecko; compatible; bingbot/2.0; +http://www.bing.com/bingbot.htm) Chrome/116.0.1938.76 Safari/537.36"
52.167.144.146 - - [18/Aug/2025:09:33:58 -0400] "GET /?sitemap748_xml HTTP/1.1" 200 18878 "-" "Mozilla/5.0 AppleWebKit/537.36 (KHTML, like Gecko; compatible; bingbot/2.0; +http://www.bing.com/bingbot.htm) Chrome/116.0.1938.76 Safari/537.36"
40.77.167.61 - - [18/Aug/2025:09:34:01 -0400] "GET /?sitemap875_xml HTTP/1.1" 200 18878 "-" "Mozilla/5.0 AppleWebKit/537.36 (KHTML, like Gecko; compatible; bingbot/2.0; +http://www.bing.com/bingbot.htm) Chrome/116.0.1938.76 Safari/537.36"
208.110.64.178 - - [18/Aug/2025:09:45:35 -0400] "GET /wp-includes/wp-configs.php HTTP/1.1" 200 0 "https://verdantagroalliedservices.com/wp-includes/wp-configs.php" "Mozilla/5.0 (Windows NT 10.0; Win64; x64) AppleWebKit/537.36 (KHTML, like Gecko) Chrome/58.0.3029.110 Safari/537.3"
69.57.162.30 - - [18/Aug/2025:09:45:37 -0400] "POST /wp-cron.php?doing_wp_cron=1755524737.5387179851531982421875 HTTP/1.1" 403 1242 "-" "WordPress/6.8.2; https://verdantagroalliedservices.com"
69.57.162.30 - - [18/Aug/2025:09:45:37 -0400] "POST /wp-cron.php?doing_wp_cron=1755524737.7160670757293701171875 HTTP/1.1" 403 1242 "-" "WordPress/6.8.2; https://verdantagroalliedservices.com"
208.110.64.178 - - [18/Aug/2025:09:45:37 -0400] "GET /wp-includes/wp-configs.php HTTP/1.1" 404 10380 "https://verdantagroalliedservices.com/wp-includes/wp-configs.php" "Mozilla/5.0 (Windows NT 10.0; Win64; x64) AppleWebKit/537.36 (KHTML, like Gecko) Chrome/58.0.3029.110 Safari/537.3"
208.110.64.178 - - [18/Aug/2025:09:59:40 -0400] "GET /wp-includes/wp-configs.php HTTP/1.1" 200 0 "https://verdantagroalliedservices.com/wp-includes/wp-configs.php" "Mozilla/5.0 (Windows NT 10.0; Win64; x64) AppleWebKit/537.36 (KHTML, like Gecko) Chrome/58.0.3029.110 Safari/537.3"
69.57.162.30 - - [18/Aug/2025:09:59:44 -0400] "POST /wp-cron.php?doing_wp_cron=1755525584.0078930854797363281250 HTTP/1.1" 403 1242 "-" "WordPress/6.8.2; https://verdantagroalliedservices.com"
69.57.162.30 - - [18/Aug/2025:09:59:44 -0400] "POST /wp-cron.php?doing_wp_cron=1755525584.0077850818634033203125 HTTP/1.1" 403 1242 "-" "WordPress/6.8.2; https://verdantagroalliedservices.com"
208.110.64.178 - - [18/Aug/2025:09:59:42 -0400] "GET /wp-includes/wp-configs.php HTTP/1.1" 404 10379 "https://verdantagroalliedservices.com/wp-includes/wp-configs.php" "Mozilla/5.0 (Windows NT 10.0; Win64; x64) AppleWebKit/537.36 (KHTML, like Gecko) Chrome/58.0.3029.110 Safari/537.3"
204.12.252.98 - - [18/Aug/2025:10:13:08 -0400] "GET /wp-includes/wp-configs.php HTTP/1.1" 200 0 "https://verdantagroalliedservices.com/wp-includes/wp-configs.php" "Mozilla/5.0 (Windows NT 10.0; Win64; x64) AppleWebKit/537.36 (KHTML, like Gecko) Chrome/58.0.3029.110 Safari/537.3"
69.57.162.30 - - [18/Aug/2025:10:13:11 -0400] "POST /wp-cron.php?doing_wp_cron=1755526391.3343799114227294921875 HTTP/1.1" 403 1242 "-" "WordPress/6.8.2; https://verdantagroalliedservices.com"
69.57.162.30 - - [18/Aug/2025:10:13:11 -0400] "POST /wp-cron.php?doing_wp_cron=1755526391.3343009948730468750000 HTTP/1.1" 403 1242 "-" "WordPress/6.8.2; https://verdantagroalliedservices.com"
204.12.252.98 - - [18/Aug/2025:10:13:11 -0400] "GET /wp-includes/wp-configs.php HTTP/1.1" 404 10379 "https://verdantagroalliedservices.com/wp-includes/wp-configs.php" "Mozilla/5.0 (Windows NT 10.0; Win64; x64) AppleWebKit/537.36 (KHTML, like Gecko) Chrome/58.0.3029.110 Safari/537.3"
69.57.162.30 - - [18/Aug/2025:10:21:41 -0400] "POST /wp-cron.php?doing_wp_cron=1755526901.4231150150299072265625 HTTP/1.1" 403 1242 "-" "WordPress/6.8.2; https://verdantagroalliedservices.com"
192.42.116.209 - - [18/Aug/2025:10:21:38 -0400] "GET / HTTP/1.1" 200 127098 "verdantagroalliedservices.com" "Mozilla/5.0 (Windows NT 10.0; Win64; x64) AppleWebKit/537.36 (KHTML, like Gecko) Chrome/125.0.0.0 Safari/537.36"
192.42.116.209 - - [18/Aug/2025:10:21:43 -0400] "GET / HTTP/1.1" 200 127098 "https://verdantagroalliedservices.com" "Mozilla/5.0 (Windows NT 10.0; Win64; x64) AppleWebKit/537.36 (KHTML, like Gecko) Chrome/125.0.0.0 Safari/537.36"
176.65.149.87 - - [18/Aug/2025:10:21:56 -0400] "GET /feed HTTP/1.1" 301 0 "https://verdantagroalliedservices.com/feed" "Mozilla/5.0 (Windows NT 10.0; Win64; x64) AppleWebKit/537.36 (KHTML, like Gecko) Chrome/125.0.0.0 Safari/537.36"
176.65.149.87 - - [18/Aug/2025:10:21:57 -0400] "GET /feed/ HTTP/1.1" 200 1263 "https://verdantagroalliedservices.com/feed" "Mozilla/5.0 (Windows NT 10.0; Win64; x64) AppleWebKit/537.36 (KHTML, like Gecko) Chrome/125.0.0.0 Safari/537.36"
176.65.149.87 - - [18/Aug/2025:10:21:58 -0400] "GET /media HTTP/1.1" 301 0 "https://verdantagroalliedservices.com/media" "Mozilla/5.0 (Windows NT 10.0; Win64; x64) AppleWebKit/537.36 (KHTML, like Gecko) Chrome/125.0.0.0 Safari/537.36"
176.65.149.87 - - [18/Aug/2025:10:21:59 -0400] "GET /media/ HTTP/1.1" 200 58017 "https://verdantagroalliedservices.com/media" "Mozilla/5.0 (Windows NT 10.0; Win64; x64) AppleWebKit/537.36 (KHTML, like Gecko) Chrome/125.0.0.0 Safari/537.36"
176.65.149.87 - - [18/Aug/2025:10:22:01 -0400] "GET /produce HTTP/1.1" 301 0 "https://verdantagroalliedservices.com/produce" "Mozilla/5.0 (Windows NT 10.0; Win64; x64) AppleWebKit/537.36 (KHTML, like Gecko) Chrome/125.0.0.0 Safari/537.36"
176.65.149.87 - - [18/Aug/2025:10:22:01 -0400] "GET /produce/ HTTP/1.1" 200 106629 "https://verdantagroalliedservices.com/produce" "Mozilla/5.0 (Windows NT 10.0; Win64; x64) AppleWebKit/537.36 (KHTML, like Gecko) Chrome/125.0.0.0 Safari/537.36"
176.65.149.87 - - [18/Aug/2025:10:22:04 -0400] "GET /wp-json HTTP/1.1" 200 346319 "https://verdantagroalliedservices.com/wp-json" "Mozilla/5.0 (Windows NT 10.0; Win64; x64) AppleWebKit/537.36 (KHTML, like Gecko) Chrome/125.0.0.0 Safari/537.36"
185.220.100.252 - - [18/Aug/2025:10:22:27 -0400] "GET /about-us HTTP/1.1" 301 0 "https://verdantagroalliedservices.com/about-us" "Mozilla/5.0 (Windows NT 10.0; Win64; x64) AppleWebKit/537.36 (KHTML, like Gecko) Chrome/125.0.0.0 Safari/537.36"
185.220.100.252 - - [18/Aug/2025:10:22:28 -0400] "GET /about-us/ HTTP/1.1" 200 70869 "https://verdantagroalliedservices.com/about-us" "Mozilla/5.0 (Windows NT 10.0; Win64; x64) AppleWebKit/537.36 (KHTML, like Gecko) Chrome/125.0.0.0 Safari/537.36"
185.220.100.252 - - [18/Aug/2025:10:22:30 -0400] "GET /register HTTP/1.1" 301 0 "https://verdantagroalliedservices.com/register" "Mozilla/5.0 (Windows NT 10.0; Win64; x64) AppleWebKit/537.36 (KHTML, like Gecko) Chrome/125.0.0.0 Safari/537.36"
185.220.100.252 - - [18/Aug/2025:10:22:31 -0400] "GET /register/ HTTP/1.1" 200 72272 "https://verdantagroalliedservices.com/register" "Mozilla/5.0 (Windows NT 10.0; Win64; x64) AppleWebKit/537.36 (KHTML, like Gecko) Chrome/125.0.0.0 Safari/537.36"
185.220.100.252 - - [18/Aug/2025:10:22:33 -0400] "POST /register/ HTTP/1.1" 200 72994 "https://verdantagroalliedservices.com/register/" "Mozilla/5.0 (Windows NT 10.0; Win64; x64) AppleWebKit/537.36 (KHTML, like Gecko) Chrome/125.0.0.0 Safari/537.36"
185.220.100.252 - - [18/Aug/2025:10:22:35 -0400] "POST /register/ HTTP/1.1" 200 72950 "https://verdantagroalliedservices.com/register/" "Mozilla/5.0 (Windows NT 10.0; Win64; x64) AppleWebKit/537.36 (KHTML, like Gecko) Chrome/125.0.0.0 Safari/537.36"
185.220.100.252 - - [18/Aug/2025:10:22:37 -0400] "GET /contact-us HTTP/1.1" 301 0 "https://verdantagroalliedservices.com/contact-us" "Mozilla/5.0 (Windows NT 10.0; Win64; x64) AppleWebKit/537.36 (KHTML, like Gecko) Chrome/125.0.0.0 Safari/537.36"
185.220.100.252 - - [18/Aug/2025:10:22:37 -0400] "GET /contact-us/ HTTP/1.1" 200 67571 "https://verdantagroalliedservices.com/contact-us" "Mozilla/5.0 (Windows NT 10.0; Win64; x64) AppleWebKit/537.36 (KHTML, like Gecko) Chrome/125.0.0.0 Safari/537.36"
69.57.162.30 - - [18/Aug/2025:10:23:08 -0400] "POST /wp-cron.php?doing_wp_cron=1755526988.1383349895477294921875 HTTP/1.1" 403 1242 "-" "WordPress/6.8.2; https://verdantagroalliedservices.com"
185.220.101.157 - - [18/Aug/2025:10:23:07 -0400] "POST /contact-us/ HTTP/1.1" 200 67991 "https://verdantagroalliedservices.com/contact-us/" "Mozilla/5.0 (Windows NT 10.0; Win64; x64) AppleWebKit/537.36 (KHTML, like Gecko) Chrome/125.0.0.0 Safari/537.36"
192.42.116.178 - - [18/Aug/2025:10:23:09 -0400] "POST /contact-us/ HTTP/1.1" 200 67958 "https://verdantagroalliedservices.com/contact-us/" "Mozilla/5.0 (Windows NT 10.0; Win64; x64) AppleWebKit/537.36 (KHTML, like Gecko) Chrome/125.0.0.0 Safari/537.36"
192.42.116.178 - - [18/Aug/2025:10:23:11 -0400] "GET /buy-produce HTTP/1.1" 301 0 "https://verdantagroalliedservices.com/buy-produce" "Mozilla/5.0 (Windows NT 10.0; Win64; x64) AppleWebKit/537.36 (KHTML, like Gecko) Chrome/125.0.0.0 Safari/537.36"
192.42.116.178 - - [18/Aug/2025:10:23:11 -0400] "GET /buy-produce/ HTTP/1.1" 200 73439 "https://verdantagroalliedservices.com/buy-produce" "Mozilla/5.0 (Windows NT 10.0; Win64; x64) AppleWebKit/537.36 (KHTML, like Gecko) Chrome/125.0.0.0 Safari/537.36"
192.42.116.178 - - [18/Aug/2025:10:23:13 -0400] "POST /buy-produce/ HTTP/1.1" 200 74400 "https://verdantagroalliedservices.com/buy-produce/" "Mozilla/5.0 (Windows NT 10.0; Win64; x64) AppleWebKit/537.36 (KHTML, like Gecko) Chrome/125.0.0.0 Safari/537.36"
192.42.116.178 - - [18/Aug/2025:10:23:15 -0400] "POST /buy-produce/ HTTP/1.1" 200 74330 "https://verdantagroalliedservices.com/buy-produce/" "Mozilla/5.0 (Windows NT 10.0; Win64; x64) AppleWebKit/537.36 (KHTML, like Gecko) Chrome/125.0.0.0 Safari/537.36"
185.220.101.154 - - [18/Aug/2025:10:23:19 -0400] "GET /comments/feed HTTP/1.1" 301 0 "https://verdantagroalliedservices.com/comments/feed" "Mozilla/5.0 (Windows NT 10.0; Win64; x64) AppleWebKit/537.36 (KHTML, like Gecko) Chrome/125.0.0.0 Safari/537.36"
185.220.101.154 - - [18/Aug/2025:10:23:21 -0400] "GET /comments/feed/ HTTP/1.1" 200 888 "https://verdantagroalliedservices.com/comments/feed" "Mozilla/5.0 (Windows NT 10.0; Win64; x64) AppleWebKit/537.36 (KHTML, like Gecko) Chrome/125.0.0.0 Safari/537.36"
204.12.252.98 - - [18/Aug/2025:10:29:47 -0400] "GET /wp-includes/wp-configs.php HTTP/1.1" 200 0 "https://verdantagroalliedservices.com/wp-includes/wp-configs.php" "Mozilla/5.0 (Windows NT 10.0; Win64; x64) AppleWebKit/537.36 (KHTML, like Gecko) Chrome/58.0.3029.110 Safari/537.3"
69.57.162.30 - - [18/Aug/2025:10:29:49 -0400] "POST /wp-cron.php?doing_wp_cron=1755527389.7629671096801757812500 HTTP/1.1" 403 1242 "-" "WordPress/6.8.2; https://verdantagroalliedservices.com"
204.12.252.98 - - [18/Aug/2025:10:29:49 -0400] "GET /wp-includes/wp-configs.php HTTP/1.1" 404 10379 "https://verdantagroalliedservices.com/wp-includes/wp-configs.php" "Mozilla/5.0 (Windows NT 10.0; Win64; x64) AppleWebKit/537.36 (KHTML, like Gecko) Chrome/58.0.3029.110 Safari/537.3"
204.12.252.98 - - [18/Aug/2025:10:36:51 -0400] "GET /wp-includes/wp-configs.php HTTP/1.1" 200 0 "https://verdantagroalliedservices.com/wp-includes/wp-configs.php" "Mozilla/5.0 (Windows NT 10.0; Win64; x64) AppleWebKit/537.36 (KHTML, like Gecko) Chrome/58.0.3029.110 Safari/537.3"
69.57.162.30 - - [18/Aug/2025:10:36:53 -0400] "POST /wp-cron.php?doing_wp_cron=1755527813.6784620285034179687500 HTTP/1.1" 403 1242 "-" "WordPress/6.8.2; https://verdantagroalliedservices.com"
69.57.162.30 - - [18/Aug/2025:10:36:53 -0400] "POST /wp-cron.php?doing_wp_cron=1755527813.7215409278869628906250 HTTP/1.1" 403 1242 "-" "WordPress/6.8.2; https://verdantagroalliedservices.com"
204.12.252.98 - - [18/Aug/2025:10:36:53 -0400] "GET /wp-includes/wp-configs.php HTTP/1.1" 404 10379 "https://verdantagroalliedservices.com/wp-includes/wp-configs.php" "Mozilla/5.0 (Windows NT 10.0; Win64; x64) AppleWebKit/537.36 (KHTML, like Gecko) Chrome/58.0.3029.110 Safari/537.3"
208.110.64.178 - - [18/Aug/2025:10:52:15 -0400] "GET /wp-includes/wp-configs.php HTTP/1.1" 200 0 "https://verdantagroalliedservices.com/wp-includes/wp-configs.php" "Mozilla/5.0 (Windows NT 10.0; Win64; x64) AppleWebKit/537.36 (KHTML, like Gecko) Chrome/58.0.3029.110 Safari/537.3"
69.57.162.30 - - [18/Aug/2025:10:52:17 -0400] "POST /wp-cron.php?doing_wp_cron=1755528737.3709099292755126953125 HTTP/1.1" 403 1242 "-" "WordPress/6.8.2; https://verdantagroalliedservices.com"
208.110.64.178 - - [18/Aug/2025:10:52:17 -0400] "GET /wp-includes/wp-configs.php HTTP/1.1" 404 10379 "https://verdantagroalliedservices.com/wp-includes/wp-configs.php" "Mozilla/5.0 (Windows NT 10.0; Win64; x64) AppleWebKit/537.36 (KHTML, like Gecko) Chrome/58.0.3029.110 Safari/537.3"
204.12.252.98 - - [18/Aug/2025:11:16:55 -0400] "GET /wp-includes/wp-configs.php HTTP/1.1" 200 0 "https://verdantagroalliedservices.com/wp-includes/wp-configs.php" "Mozilla/5.0 (Windows NT 10.0; Win64; x64) AppleWebKit/537.36 (KHTML, like Gecko) Chrome/58.0.3029.110 Safari/537.3"
69.57.162.30 - - [18/Aug/2025:11:16:57 -0400] "POST /wp-cron.php?doing_wp_cron=1755530217.8057649135589599609375 HTTP/1.1" 403 1242 "-" "WordPress/6.8.2; https://verdantagroalliedservices.com"
69.57.162.30 - - [18/Aug/2025:11:16:57 -0400] "POST /wp-cron.php?doing_wp_cron=1755530217.8057529926300048828125 HTTP/1.1" 403 1242 "-" "WordPress/6.8.2; https://verdantagroalliedservices.com"
204.12.252.98 - - [18/Aug/2025:11:16:57 -0400] "GET /wp-includes/wp-configs.php HTTP/1.1" 404 10380 "https://verdantagroalliedservices.com/wp-includes/wp-configs.php" "Mozilla/5.0 (Windows NT 10.0; Win64; x64) AppleWebKit/537.36 (KHTML, like Gecko) Chrome/58.0.3029.110 Safari/537.3"
208.110.64.178 - - [18/Aug/2025:11:32:56 -0400] "GET /wp-includes/wp-configs.php HTTP/1.1" 200 0 "https://verdantagroalliedservices.com/wp-includes/wp-configs.php" "Mozilla/5.0 (Windows NT 10.0; Win64; x64) AppleWebKit/537.36 (KHTML, like Gecko) Chrome/58.0.3029.110 Safari/537.3"
69.57.162.30 - - [18/Aug/2025:11:32:58 -0400] "POST /wp-cron.php?doing_wp_cron=1755531178.8934519290924072265625 HTTP/1.1" 403 1242 "-" "WordPress/6.8.2; https://verdantagroalliedservices.com"
208.110.64.178 - - [18/Aug/2025:11:33:03 -0400] "GET /wp-includes/wp-configs.php HTTP/1.1" 404 10378 "https://verdantagroalliedservices.com/wp-includes/wp-configs.php" "Mozilla/5.0 (Windows NT 10.0; Win64; x64) AppleWebKit/537.36 (KHTML, like Gecko) Chrome/58.0.3029.110 Safari/537.3"
69.57.162.30 - - [18/Aug/2025:11:36:18 -0400] "POST /wp-cron.php?doing_wp_cron=1755531378.0704929828643798828125 HTTP/1.1" 403 1242 "-" "WordPress/6.8.2; https://verdantagroalliedservices.com"
43.157.46.118 - - [18/Aug/2025:11:36:15 -0400] "GET / HTTP/1.1" 301 0 "http://www.verdantagroalliedservices.com" "Mozilla/5.0 (iPhone; CPU iPhone OS 13_2_3 like Mac OS X) AppleWebKit/605.1.15 (KHTML, like Gecko) Version/13.0.3 Mobile/15E148 Safari/604.1"
43.157.46.118 - - [18/Aug/2025:11:36:26 -0400] "GET / HTTP/1.1" 200 22334 "https://www.verdantagroalliedservices.com/" "Mozilla/5.0 (iPhone; CPU iPhone OS 13_2_3 like Mac OS X) AppleWebKit/605.1.15 (KHTML, like Gecko) Version/13.0.3 Mobile/15E148 Safari/604.1"
208.110.64.178 - - [18/Aug/2025:11:38:20 -0400] "GET /wp-includes/wp-configs.php HTTP/1.1" 200 0 "https://verdantagroalliedservices.com/wp-includes/wp-configs.php" "Mozilla/5.0 (Windows NT 10.0; Win64; x64) AppleWebKit/537.36 (KHTML, like Gecko) Chrome/58.0.3029.110 Safari/537.3"
69.57.162.30 - - [18/Aug/2025:11:38:22 -0400] "POST /wp-cron.php?doing_wp_cron=1755531502.5039451122283935546875 HTTP/1.1" 403 1242 "-" "WordPress/6.8.2; https://verdantagroalliedservices.com"
69.57.162.30 - - [18/Aug/2025:11:38:22 -0400] "POST /wp-cron.php?doing_wp_cron=1755531502.5100328922271728515625 HTTP/1.1" 403 1242 "-" "WordPress/6.8.2; https://verdantagroalliedservices.com"
208.110.64.178 - - [18/Aug/2025:11:38:22 -0400] "GET /wp-includes/wp-configs.php HTTP/1.1" 404 10379 "https://verdantagroalliedservices.com/wp-includes/wp-configs.php" "Mozilla/5.0 (Windows NT 10.0; Win64; x64) AppleWebKit/537.36 (KHTML, like Gecko) Chrome/58.0.3029.110 Safari/537.3"
138.59.121.156 - - [18/Aug/2025:11:39:08 -0400] "GET /wp-includes/Requests/src/Auth HTTP/1.1" 301 795 "https://verdantagroalliedservices.com/wp-includes/Requests/src/Auth" "Mozilla/5.0 (Windows NT 10.0; Win64; x64) AppleWebKit/537.36 (KHTML, like Gecko) Chrome/135.0.0.0 Safari/537.36"
191.223.61.126 - - [18/Aug/2025:11:39:14 -0400] "GET /wp-includes/Requests/src/Auth/ HTTP/1.1" 200 793 "https://verdantagroalliedservices.com/wp-includes/Requests/src/Auth" "Mozilla/5.0 (Windows NT 10.0; Win64; x64) AppleWebKit/537.36 (KHTML, like Gecko) Chrome/135.0.0.0 Safari/537.36"
14.190.9.94 - - [18/Aug/2025:11:41:03 -0400] "GET /wp-includes/feed-rdf.php HTTP/1.1" 403 1242 "https://verdantagroalliedservices.com/wp-includes/feed-rdf.php" "Mozilla/5.0 (X11; Linux x86_64) AppleWebKit/537.36 (KHTML, like Gecko) Chrome/114.0.0.0 Safari/537.36"
69.57.162.30 - - [18/Aug/2025:11:58:41 -0400] "POST /wp-cron.php?doing_wp_cron=1755532721.1846430301666259765625 HTTP/1.1" 403 1242 "-" "WordPress/6.8.2; https://verdantagroalliedservices.com"
205.169.39.171 - - [18/Aug/2025:11:58:39 -0400] "GET / HTTP/1.1" 200 18843 "-" "Mozilla/5.0 (Windows NT 6.1; Win64; x64) AppleWebKit/537.36 (KHTML, like Gecko) Chrome/83.0.4103.61 Safari/537.36"
205.169.39.171 - - [18/Aug/2025:11:58:44 -0400] "GET /wp-content/themes/blocksy/static/bundle/main.js?ver=2.1.8 HTTP/1.1" 200 9433 "https://verdantagroalliedservices.com/" "Mozilla/5.0 (Windows NT 6.1; Win64; x64) AppleWebKit/537.36 (KHTML, like Gecko) Chrome/83.0.4103.61 Safari/537.36"
205.169.39.171 - - [18/Aug/2025:11:58:44 -0400] "GET /wp-includes/js/imagesloaded.min.js?ver=5.0.0 HTTP/1.1" 200 1687 "https://verdantagroalliedservices.com/" "Mozilla/5.0 (Windows NT 6.1; Win64; x64) AppleWebKit/537.36 (KHTML, like Gecko) Chrome/83.0.4103.61 Safari/537.36"
205.169.39.171 - - [18/Aug/2025:11:58:44 -0400] "GET /wp-content/plugins/elementor/assets/js/webpack.runtime.min.js?ver=3.31.2 HTTP/1.1" 200 2320 "https://verdantagroalliedservices.com/" "Mozilla/5.0 (Windows NT 6.1; Win64; x64) AppleWebKit/537.36 (KHTML, like Gecko) Chrome/83.0.4103.61 Safari/537.36"
205.169.39.171 - - [18/Aug/2025:11:58:44 -0400] "GET /wp-includes/js/jquery/jquery.min.js?ver=3.7.1 HTTP/1.1" 200 29744 "https://verdantagroalliedservices.com/" "Mozilla/5.0 (Windows NT 6.1; Win64; x64) AppleWebKit/537.36 (KHTML, like Gecko) Chrome/83.0.4103.61 Safari/537.36"
205.169.39.171 - - [18/Aug/2025:11:58:44 -0400] "GET /wp-includes/js/jquery/jquery-migrate.min.js?ver=3.4.1 HTTP/1.1" 200 4678 "https://verdantagroalliedservices.com/" "Mozilla/5.0 (Windows NT 6.1; Win64; x64) AppleWebKit/537.36 (KHTML, like Gecko) Chrome/83.0.4103.61 Safari/537.36"
205.169.39.171 - - [18/Aug/2025:11:58:44 -0400] "GET /wp-content/plugins/elementor/assets/js/frontend-modules.min.js?ver=3.31.2 HTTP/1.1" 200 14925 "https://verdantagroalliedservices.com/" "Mozilla/5.0 (Windows NT 6.1; Win64; x64) AppleWebKit/537.36 (KHTML, like Gecko) Chrome/83.0.4103.61 Safari/537.36"
205.169.39.171 - - [18/Aug/2025:11:58:44 -0400] "GET /wp-includes/js/jquery/ui/core.min.js?ver=1.13.3 HTTP/1.1" 200 6812 "https://verdantagroalliedservices.com/" "Mozilla/5.0 (Windows NT 6.1; Win64; x64) AppleWebKit/537.36 (KHTML, like Gecko) Chrome/83.0.4103.61 Safari/537.36"
205.169.39.171 - - [18/Aug/2025:11:58:44 -0400] "GET /wp-content/plugins/elementor/assets/js/frontend.min.js?ver=3.31.2 HTTP/1.1" 200 10403 "https://verdantagroalliedservices.com/" "Mozilla/5.0 (Windows NT 6.1; Win64; x64) AppleWebKit/537.36 (KHTML, like Gecko) Chrome/83.0.4103.61 Safari/537.36"
205.169.39.171 - - [18/Aug/2025:11:58:44 -0400] "GET /wp-content/plugins/elementor-pro/assets/js/webpack-pro.runtime.min.js?ver=3.25.3 HTTP/1.1" 200 2628 "https://verdantagroalliedservices.com/" "Mozilla/5.0 (Windows NT 6.1; Win64; x64) AppleWebKit/537.36 (KHTML, like Gecko) Chrome/83.0.4103.61 Safari/537.36"
205.169.39.171 - - [18/Aug/2025:11:58:44 -0400] "GET /wp-includes/js/dist/hooks.min.js?ver=4d63a3d491d11ffd8ac6 HTTP/1.1" 200 1571 "https://verdantagroalliedservices.com/" "Mozilla/5.0 (Windows NT 6.1; Win64; x64) AppleWebKit/537.36 (KHTML, like Gecko) Chrome/83.0.4103.61 Safari/537.36"
205.169.39.171 - - [18/Aug/2025:11:58:45 -0400] "GET /wp-includes/js/dist/i18n.min.js?ver=5e580eb46a90c2b997e6 HTTP/1.1" 200 3542 "https://verdantagroalliedservices.com/" "Mozilla/5.0 (Windows NT 6.1; Win64; x64) AppleWebKit/537.36 (KHTML, like Gecko) Chrome/83.0.4103.61 Safari/537.36"
205.169.39.171 - - [18/Aug/2025:11:58:45 -0400] "GET /wp-content/plugins/elementor-pro/assets/js/frontend.min.js?ver=3.25.3 HTTP/1.1" 200 6446 "https://verdantagroalliedservices.com/" "Mozilla/5.0 (Windows NT 6.1; Win64; x64) AppleWebKit/537.36 (KHTML, like Gecko) Chrome/83.0.4103.61 Safari/537.36"
205.169.39.171 - - [18/Aug/2025:11:58:45 -0400] "GET /wp-content/plugins/elementor-pro/assets/js/elements-handlers.min.js?ver=3.25.3 HTTP/1.1" 200 9746 "https://verdantagroalliedservices.com/" "Mozilla/5.0 (Windows NT 6.1; Win64; x64) AppleWebKit/537.36 (KHTML, like Gecko) Chrome/83.0.4103.61 Safari/537.36"
205.169.39.171 - - [18/Aug/2025:11:58:56 -0400] "GET /wp-content/plugins/blocksy-companion-pro/framework/extensions/cookies-consent/static/bundle/main.js?ver=2.0.73 HTTP/1.1" 200 2204 "https://verdantagroalliedservices.com/" "Mozilla/5.0 (Windows NT 6.1; Win64; x64) AppleWebKit/537.36 (KHTML, like Gecko) Chrome/83.0.4103.61 Safari/537.36"
205.169.39.206 - - [18/Aug/2025:11:58:56 -0400] "GET / HTTP/1.1" 200 18843 "-" "Mozilla/5.0 (Windows NT 6.1; Win64; x64) AppleWebKit/537.36 (KHTML, like Gecko) Chrome/83.0.4103.61 Safari/537.36"
205.169.39.206 - - [18/Aug/2025:11:58:57 -0400] "GET /wp-content/themes/blocksy/static/bundle/main.js?ver=2.1.8 HTTP/1.1" 200 9433 "https://verdantagroalliedservices.com/" "Mozilla/5.0 (Windows NT 6.1; Win64; x64) AppleWebKit/537.36 (KHTML, like Gecko) Chrome/83.0.4103.61 Safari/537.36"
205.169.39.206 - - [18/Aug/2025:11:58:57 -0400] "GET /wp-includes/js/imagesloaded.min.js?ver=5.0.0 HTTP/1.1" 200 1687 "https://verdantagroalliedservices.com/" "Mozilla/5.0 (Windows NT 6.1; Win64; x64) AppleWebKit/537.36 (KHTML, like Gecko) Chrome/83.0.4103.61 Safari/537.36"
205.169.39.206 - - [18/Aug/2025:11:58:57 -0400] "GET /wp-content/plugins/elementor/assets/js/webpack.runtime.min.js?ver=3.31.2 HTTP/1.1" 200 2320 "https://verdantagroalliedservices.com/" "Mozilla/5.0 (Windows NT 6.1; Win64; x64) AppleWebKit/537.36 (KHTML, like Gecko) Chrome/83.0.4103.61 Safari/537.36"
205.169.39.206 - - [18/Aug/2025:11:58:58 -0400] "GET /wp-includes/js/jquery/jquery.min.js?ver=3.7.1 HTTP/1.1" 200 29744 "https://verdantagroalliedservices.com/" "Mozilla/5.0 (Windows NT 6.1; Win64; x64) AppleWebKit/537.36 (KHTML, like Gecko) Chrome/83.0.4103.61 Safari/537.36"
205.169.39.206 - - [18/Aug/2025:11:58:58 -0400] "GET /wp-includes/js/jquery/jquery-migrate.min.js?ver=3.4.1 HTTP/1.1" 200 4678 "https://verdantagroalliedservices.com/" "Mozilla/5.0 (Windows NT 6.1; Win64; x64) AppleWebKit/537.36 (KHTML, like Gecko) Chrome/83.0.4103.61 Safari/537.36"
205.169.39.206 - - [18/Aug/2025:11:58:58 -0400] "GET /wp-content/plugins/elementor/assets/js/frontend-modules.min.js?ver=3.31.2 HTTP/1.1" 200 14925 "https://verdantagroalliedservices.com/" "Mozilla/5.0 (Windows NT 6.1; Win64; x64) AppleWebKit/537.36 (KHTML, like Gecko) Chrome/83.0.4103.61 Safari/537.36"
205.169.39.206 - - [18/Aug/2025:11:58:58 -0400] "GET /wp-includes/js/jquery/ui/core.min.js?ver=1.13.3 HTTP/1.1" 200 6812 "https://verdantagroalliedservices.com/" "Mozilla/5.0 (Windows NT 6.1; Win64; x64) AppleWebKit/537.36 (KHTML, like Gecko) Chrome/83.0.4103.61 Safari/537.36"
205.169.39.206 - - [18/Aug/2025:11:58:58 -0400] "GET /wp-content/plugins/elementor/assets/js/frontend.min.js?ver=3.31.2 HTTP/1.1" 200 10403 "https://verdantagroalliedservices.com/" "Mozilla/5.0 (Windows NT 6.1; Win64; x64) AppleWebKit/537.36 (KHTML, like Gecko) Chrome/83.0.4103.61 Safari/537.36"
205.169.39.206 - - [18/Aug/2025:11:58:58 -0400] "GET /wp-content/plugins/elementor-pro/assets/js/webpack-pro.runtime.min.js?ver=3.25.3 HTTP/1.1" 200 2628 "https://verdantagroalliedservices.com/" "Mozilla/5.0 (Windows NT 6.1; Win64; x64) AppleWebKit/537.36 (KHTML, like Gecko) Chrome/83.0.4103.61 Safari/537.36"
205.169.39.206 - - [18/Aug/2025:11:58:58 -0400] "GET /wp-includes/js/dist/hooks.min.js?ver=4d63a3d491d11ffd8ac6 HTTP/1.1" 200 1571 "https://verdantagroalliedservices.com/" "Mozilla/5.0 (Windows NT 6.1; Win64; x64) AppleWebKit/537.36 (KHTML, like Gecko) Chrome/83.0.4103.61 Safari/537.36"
205.169.39.206 - - [18/Aug/2025:11:58:58 -0400] "GET /wp-includes/js/dist/i18n.min.js?ver=5e580eb46a90c2b997e6 HTTP/1.1" 200 3542 "https://verdantagroalliedservices.com/" "Mozilla/5.0 (Windows NT 6.1; Win64; x64) AppleWebKit/537.36 (KHTML, like Gecko) Chrome/83.0.4103.61 Safari/537.36"
205.169.39.206 - - [18/Aug/2025:11:58:58 -0400] "GET /wp-content/plugins/elementor-pro/assets/js/frontend.min.js?ver=3.25.3 HTTP/1.1" 200 6446 "https://verdantagroalliedservices.com/" "Mozilla/5.0 (Windows NT 6.1; Win64; x64) AppleWebKit/537.36 (KHTML, like Gecko) Chrome/83.0.4103.61 Safari/537.36"
205.169.39.206 - - [18/Aug/2025:11:58:58 -0400] "GET /wp-content/plugins/elementor-pro/assets/js/elements-handlers.min.js?ver=3.25.3 HTTP/1.1" 200 9746 "https://verdantagroalliedservices.com/" "Mozilla/5.0 (Windows NT 6.1; Win64; x64) AppleWebKit/537.36 (KHTML, like Gecko) Chrome/83.0.4103.61 Safari/537.36"
205.169.39.206 - - [18/Aug/2025:11:58:59 -0400] "GET /wp-content/plugins/blocksy-companion-pro/framework/extensions/cookies-consent/static/bundle/main.js?ver=2.0.73 HTTP/1.1" 200 2204 "https://verdantagroalliedservices.com/" "Mozilla/5.0 (Windows NT 6.1; Win64; x64) AppleWebKit/537.36 (KHTML, like Gecko) Chrome/83.0.4103.61 Safari/537.36"
205.169.39.206 - - [18/Aug/2025:11:59:02 -0400] "GET / HTTP/1.1" 200 18843 "-" "Mozilla/5.0 (Windows NT 10.0; Win64; x64) AppleWebKit/537.36 (KHTML, like Gecko) Chrome/79.0.3945.79 Safari/537.36"
205.169.39.206 - - [18/Aug/2025:11:59:02 -0400] "GET /wp-content/uploads/blocksy/css/global.css?ver=59056 HTTP/1.1" 200 3745 "https://verdantagroalliedservices.com/" "Mozilla/5.0 (Windows NT 10.0; Win64; x64) AppleWebKit/537.36 (KHTML, like Gecko) Chrome/79.0.3945.79 Safari/537.36"
205.169.39.206 - - [18/Aug/2025:11:59:02 -0400] "GET /wp-content/themes/blocksy/static/bundle/main.min.css?ver=2.1.8 HTTP/1.1" 200 17530 "https://verdantagroalliedservices.com/" "Mozilla/5.0 (Windows NT 10.0; Win64; x64) AppleWebKit/537.36 (KHTML, like Gecko) Chrome/79.0.3945.79 Safari/537.36"
205.169.39.206 - - [18/Aug/2025:11:59:02 -0400] "GET /wp-content/themes/blocksy/static/bundle/elementor-frontend.min.css?ver=2.1.8 HTTP/1.1" 200 308 "https://verdantagroalliedservices.com/" "Mozilla/5.0 (Windows NT 10.0; Win64; x64) AppleWebKit/537.36 (KHTML, like Gecko) Chrome/79.0.3945.79 Safari/537.36"
205.169.39.206 - - [18/Aug/2025:11:59:02 -0400] "GET /wp-content/plugins/elementor/assets/css/frontend.min.css?ver=3.31.2 HTTP/1.1" 200 6525 "https://verdantagroalliedservices.com/" "Mozilla/5.0 (Windows NT 10.0; Win64; x64) AppleWebKit/537.36 (KHTML, like Gecko) Chrome/79.0.3945.79 Safari/537.36"
205.169.39.206 - - [18/Aug/2025:11:59:02 -0400] "GET /wp-content/uploads/elementor/css/post-7.css?ver=1734744558 HTTP/1.1" 200 712 "https://verdantagroalliedservices.com/" "Mozilla/5.0 (Windows NT 10.0; Win64; x64) AppleWebKit/537.36 (KHTML, like Gecko) Chrome/79.0.3945.79 Safari/537.36"
205.169.39.206 - - [18/Aug/2025:11:59:02 -0400] "GET /wp-content/plugins/elementor-pro/assets/css/conditionals/popup.min.css?ver=3.25.3 HTTP/1.1" 200 322 "https://verdantagroalliedservices.com/" "Mozilla/5.0 (Windows NT 10.0; Win64; x64) AppleWebKit/537.36 (KHTML, like Gecko) Chrome/79.0.3945.79 Safari/537.36"
205.169.39.206 - - [18/Aug/2025:11:59:02 -0400] "GET /wp-content/plugins/elementor/assets/css/widget-heading.min.css?ver=3.31.2 HTTP/1.1" 200 154 "https://verdantagroalliedservices.com/" "Mozilla/5.0 (Windows NT 10.0; Win64; x64) AppleWebKit/537.36 (KHTML, like Gecko) Chrome/79.0.3945.79 Safari/537.36"
205.169.39.206 - - [18/Aug/2025:11:59:03 -0400] "GET /wp-content/plugins/elementor/assets/css/widget-text-editor.min.css?ver=3.31.2 HTTP/1.1" 200 208 "https://verdantagroalliedservices.com/" "Mozilla/5.0 (Windows NT 10.0; Win64; x64) AppleWebKit/537.36 (KHTML, like Gecko) Chrome/79.0.3945.79 Safari/537.36"
205.169.39.206 - - [18/Aug/2025:11:59:03 -0400] "GET /wp-content/plugins/elementor/assets/css/conditionals/e-swiper.min.css?ver=3.31.2 HTTP/1.1" 200 699 "https://verdantagroalliedservices.com/" "Mozilla/5.0 (Windows NT 10.0; Win64; x64) AppleWebKit/537.36 (KHTML, like Gecko) Chrome/79.0.3945.79 Safari/537.36"
205.169.39.206 - - [18/Aug/2025:11:59:03 -0400] "GET /wp-content/plugins/elementor/assets/lib/swiper/v8/css/swiper.min.css?ver=8.4.5 HTTP/1.1" 200 4248 "https://verdantagroalliedservices.com/" "Mozilla/5.0 (Windows NT 10.0; Win64; x64) AppleWebKit/537.36 (KHTML, like Gecko) Chrome/79.0.3945.79 Safari/537.36"
205.169.39.206 - - [18/Aug/2025:11:59:03 -0400] "GET /wp-content/plugins/elementor/assets/css/widget-icon-list.min.css?ver=3.31.2 HTTP/1.1" 200 961 "https://verdantagroalliedservices.com/" "Mozilla/5.0 (Windows NT 10.0; Win64; x64) AppleWebKit/537.36 (KHTML, like Gecko) Chrome/79.0.3945.79 Safari/537.36"
205.169.39.206 - - [18/Aug/2025:11:59:03 -0400] "GET /wp-content/plugins/elementor-pro/assets/css/widget-loop-builder.min.css?ver=3.25.3 HTTP/1.1" 200 2273 "https://verdantagroalliedservices.com/" "Mozilla/5.0 (Windows NT 10.0; Win64; x64) AppleWebKit/537.36 (KHTML, like Gecko) Chrome/79.0.3945.79 Safari/537.36"
205.169.39.206 - - [18/Aug/2025:11:59:03 -0400] "GET /wp-content/plugins/elementor/assets/css/widget-image.min.css?ver=3.31.2 HTTP/1.1" 200 254 "https://verdantagroalliedservices.com/" "Mozilla/5.0 (Windows NT 10.0; Win64; x64) AppleWebKit/537.36 (KHTML, like Gecko) Chrome/79.0.3945.79 Safari/537.36"
205.169.39.206 - - [18/Aug/2025:11:59:03 -0400] "GET /wp-content/plugins/elementor-pro/assets/css/widget-testimonial-carousel.min.css?ver=3.25.3 HTTP/1.1" 200 1396 "https://verdantagroalliedservices.com/" "Mozilla/5.0 (Windows NT 10.0; Win64; x64) AppleWebKit/537.36 (KHTML, like Gecko) Chrome/79.0.3945.79 Safari/537.36"
205.169.39.206 - - [18/Aug/2025:11:59:03 -0400] "GET /wp-content/plugins/elementor-pro/assets/css/widget-carousel-module-base.min.css?ver=3.25.3 HTTP/1.1" 200 585 "https://verdantagroalliedservices.com/" "Mozilla/5.0 (Windows NT 10.0; Win64; x64) AppleWebKit/537.36 (KHTML, like Gecko) Chrome/79.0.3945.79 Safari/537.36"
205.169.39.206 - - [18/Aug/2025:11:59:03 -0400] "GET /wp-content/uploads/elementor/css/post-8.css?ver=1734744559 HTTP/1.1" 200 2931 "https://verdantagroalliedservices.com/" "Mozilla/5.0 (Windows NT 10.0; Win64; x64) AppleWebKit/537.36 (KHTML, like Gecko) Chrome/79.0.3945.79 Safari/537.36"
205.169.39.206 - - [18/Aug/2025:11:59:03 -0400] "GET /wp-content/themes/blocksy/static/bundle/main.js?ver=2.1.8 HTTP/1.1" 200 9433 "https://verdantagroalliedservices.com/" "Mozilla/5.0 (Windows NT 10.0; Win64; x64) AppleWebKit/537.36 (KHTML, like Gecko) Chrome/79.0.3945.79 Safari/537.36"
205.169.39.206 - - [18/Aug/2025:11:59:03 -0400] "GET /wp-includes/js/imagesloaded.min.js?ver=5.0.0 HTTP/1.1" 200 1687 "https://verdantagroalliedservices.com/" "Mozilla/5.0 (Windows NT 10.0; Win64; x64) AppleWebKit/537.36 (KHTML, like Gecko) Chrome/79.0.3945.79 Safari/537.36"
205.169.39.206 - - [18/Aug/2025:11:59:03 -0400] "GET /wp-content/plugins/elementor/assets/js/webpack.runtime.min.js?ver=3.31.2 HTTP/1.1" 200 2320 "https://verdantagroalliedservices.com/" "Mozilla/5.0 (Windows NT 10.0; Win64; x64) AppleWebKit/537.36 (KHTML, like Gecko) Chrome/79.0.3945.79 Safari/537.36"
205.169.39.206 - - [18/Aug/2025:11:59:03 -0400] "GET /wp-includes/js/jquery/jquery.min.js?ver=3.7.1 HTTP/1.1" 200 29744 "https://verdantagroalliedservices.com/" "Mozilla/5.0 (Windows NT 10.0; Win64; x64) AppleWebKit/537.36 (KHTML, like Gecko) Chrome/79.0.3945.79 Safari/537.36"
205.169.39.206 - - [18/Aug/2025:11:59:03 -0400] "GET /wp-includes/js/jquery/jquery-migrate.min.js?ver=3.4.1 HTTP/1.1" 200 4678 "https://verdantagroalliedservices.com/" "Mozilla/5.0 (Windows NT 10.0; Win64; x64) AppleWebKit/537.36 (KHTML, like Gecko) Chrome/79.0.3945.79 Safari/537.36"
205.169.39.206 - - [18/Aug/2025:11:59:03 -0400] "GET /wp-content/plugins/elementor/assets/js/frontend-modules.min.js?ver=3.31.2 HTTP/1.1" 200 14925 "https://verdantagroalliedservices.com/" "Mozilla/5.0 (Windows NT 10.0; Win64; x64) AppleWebKit/537.36 (KHTML, like Gecko) Chrome/79.0.3945.79 Safari/537.36"
205.169.39.206 - - [18/Aug/2025:11:59:03 -0400] "GET /wp-includes/js/jquery/ui/core.min.js?ver=1.13.3 HTTP/1.1" 200 6812 "https://verdantagroalliedservices.com/" "Mozilla/5.0 (Windows NT 10.0; Win64; x64) AppleWebKit/537.36 (KHTML, like Gecko) Chrome/79.0.3945.79 Safari/537.36"
205.169.39.206 - - [18/Aug/2025:11:59:03 -0400] "GET /wp-content/plugins/elementor/assets/js/frontend.min.js?ver=3.31.2 HTTP/1.1" 200 10403 "https://verdantagroalliedservices.com/" "Mozilla/5.0 (Windows NT 10.0; Win64; x64) AppleWebKit/537.36 (KHTML, like Gecko) Chrome/79.0.3945.79 Safari/537.36"
205.169.39.206 - - [18/Aug/2025:11:59:03 -0400] "GET /wp-content/plugins/elementor-pro/assets/js/webpack-pro.runtime.min.js?ver=3.25.3 HTTP/1.1" 200 2628 "https://verdantagroalliedservices.com/" "Mozilla/5.0 (Windows NT 10.0; Win64; x64) AppleWebKit/537.36 (KHTML, like Gecko) Chrome/79.0.3945.79 Safari/537.36"
205.169.39.206 - - [18/Aug/2025:11:59:03 -0400] "GET /wp-includes/js/dist/hooks.min.js?ver=4d63a3d491d11ffd8ac6 HTTP/1.1" 200 1571 "https://verdantagroalliedservices.com/" "Mozilla/5.0 (Windows NT 10.0; Win64; x64) AppleWebKit/537.36 (KHTML, like Gecko) Chrome/79.0.3945.79 Safari/537.36"
205.169.39.206 - - [18/Aug/2025:11:59:03 -0400] "GET /wp-includes/js/dist/i18n.min.js?ver=5e580eb46a90c2b997e6 HTTP/1.1" 200 3542 "https://verdantagroalliedservices.com/" "Mozilla/5.0 (Windows NT 10.0; Win64; x64) AppleWebKit/537.36 (KHTML, like Gecko) Chrome/79.0.3945.79 Safari/537.36"
205.169.39.206 - - [18/Aug/2025:11:59:03 -0400] "GET /wp-content/plugins/elementor-pro/assets/js/frontend.min.js?ver=3.25.3 HTTP/1.1" 200 6446 "https://verdantagroalliedservices.com/" "Mozilla/5.0 (Windows NT 10.0; Win64; x64) AppleWebKit/537.36 (KHTML, like Gecko) Chrome/79.0.3945.79 Safari/537.36"
205.169.39.206 - - [18/Aug/2025:11:59:03 -0400] "GET /wp-content/plugins/elementor-pro/assets/js/elements-handlers.min.js?ver=3.25.3 HTTP/1.1" 200 9746 "https://verdantagroalliedservices.com/" "Mozilla/5.0 (Windows NT 10.0; Win64; x64) AppleWebKit/537.36 (KHTML, like Gecko) Chrome/79.0.3945.79 Safari/537.36"
